Last updated on 2025-04-29 09:52:06 CEST.
Flavor | Version | Tinstall | Tcheck | Ttotal | Status | Flags |
---|---|---|---|---|---|---|
r-devel-linux-x86_64-debian-clang | 0.1.0 | 6.81 | 102.03 | 108.84 | NOTE | |
r-devel-linux-x86_64-debian-gcc | 0.1.0 | 4.59 | 68.18 | 72.77 | OK | |
r-devel-linux-x86_64-fedora-clang | 0.1.0 | 156.57 | OK | |||
r-devel-linux-x86_64-fedora-gcc | 0.1.0 | 165.72 | OK | |||
r-devel-windows-x86_64 | 0.1.0 | 8.00 | 104.00 | 112.00 | OK | |
r-patched-linux-x86_64 | 0.1.0 | 6.92 | 93.30 | 100.22 | OK | |
r-release-linux-x86_64 | 0.1.0 | 6.28 | 94.67 | 100.95 | OK | |
r-release-macos-arm64 | 0.1.0 | 50.00 | OK | |||
r-release-macos-x86_64 | 0.1.0 | 94.00 | OK | |||
r-release-windows-x86_64 | 0.1.0 | 8.00 | 107.00 | 115.00 | OK | |
r-oldrel-macos-arm64 | 0.1.0 | 51.00 | OK | |||
r-oldrel-macos-x86_64 | 0.1.0 | 84.00 | OK | |||
r-oldrel-windows-x86_64 | 0.1.0 | 11.00 | 135.00 | 146.00 | OK |
Version: 0.1.0
Check: examples
Result: NOTE
Examples with CPU (user + system) or elapsed time > 5s
user system elapsed
gg_coplot 6.074 0.275 7.942
gg_quantiles 5.735 0.046 18.469
gg_tmd 4.980 0.016 8.530
Flavor: r-devel-linux-x86_64-debian-clang