Last updated on 2024-08-31 22:49:39 CEST.
Flavor | Version | Tinstall | Tcheck | Ttotal | Status | Flags |
---|---|---|---|---|---|---|
r-devel-linux-x86_64-debian-clang | 1.0.3 | 3.47 | 166.17 | 169.64 | OK | |
r-devel-linux-x86_64-debian-gcc | 1.0.3 | 2.73 | 98.89 | 101.62 | OK | |
r-devel-linux-x86_64-fedora-clang | 1.0.3 | 263.27 | NOTE | |||
r-devel-linux-x86_64-fedora-gcc | 1.0.3 | 293.08 | NOTE | |||
r-devel-windows-x86_64 | 1.0.3 | 5.00 | 170.00 | 175.00 | OK | |
r-patched-linux-x86_64 | 1.0.3 | 3.94 | 155.56 | 159.50 | OK | |
r-release-linux-x86_64 | 1.0.3 | 3.20 | 155.02 | 158.22 | OK | |
r-release-macos-arm64 | 1.0.3 | 76.00 | OK | |||
r-release-macos-x86_64 | 1.0.3 | 134.00 | OK | |||
r-release-windows-x86_64 | 1.0.3 | 6.00 | 177.00 | 183.00 | OK | |
r-oldrel-macos-arm64 | 1.0.3 | 117.00 | OK | |||
r-oldrel-macos-x86_64 | 1.0.3 | 300.00 | OK | |||
r-oldrel-windows-x86_64 | 1.0.3 | 7.00 | 218.00 | 225.00 | OK |
Version: 1.0.3
Check: data for non-ASCII characters
Result: NOTE
Note: found 2356 marked UTF-8 strings
Flavors: r-devel-linux-x86_64-fedora-clang, r-devel-linux-x86_64-fedora-gcc