Last updated on 2024-08-31 22:49:39 CEST.
Flavor | Version | Tinstall | Tcheck | Ttotal | Status | Flags |
---|---|---|---|---|---|---|
r-devel-linux-x86_64-debian-clang | 0.3.0 | 8.89 | 54.38 | 63.27 | NOTE | |
r-devel-linux-x86_64-debian-gcc | 0.3.1 | 5.73 | 38.77 | 44.50 | OK | |
r-devel-linux-x86_64-fedora-clang | 0.3.1 | 75.21 | OK | |||
r-devel-linux-x86_64-fedora-gcc | 0.3.1 | 73.00 | OK | |||
r-devel-windows-x86_64 | 0.3.0 | 10.00 | 71.00 | 81.00 | NOTE | |
r-patched-linux-x86_64 | 0.3.0 | 13.50 | 50.65 | 64.15 | OK | |
r-release-linux-x86_64 | 0.3.0 | 6.90 | 49.89 | 56.79 | OK | |
r-release-macos-arm64 | 0.3.1 | 30.00 | OK | |||
r-release-macos-x86_64 | 0.3.1 | 78.00 | OK | |||
r-release-windows-x86_64 | 0.3.1 | 9.00 | 78.00 | 87.00 | OK | |
r-oldrel-macos-arm64 | 0.3.1 | 37.00 | OK | |||
r-oldrel-macos-x86_64 | 0.3.1 | 60.00 | OK | |||
r-oldrel-windows-x86_64 | 0.3.0 | 13.00 | 82.00 | 95.00 | OK |
Version: 0.3.0
Check: Rd cross-references
Result: NOTE
Found the following Rd file(s) with Rd \link{} targets missing package
anchors:
ggca.Rd: ggplot2, ggiraph
ggmca.Rd: ggplot2, ggiraph
ggmca_initial_dims.Rd: ggiraph
ggmca_with_base_ref.Rd: ggiraph
Please provide package anchors for all Rd \link{} targets not in the
package itself and the base packages.
Flavors: r-devel-linux-x86_64-debian-clang, r-devel-windows-x86_64