CRAN Package Check Results for Package gginnards

Last updated on 2024-07-18 10:51:10 CEST.

Flavor Version Tinstall Tcheck Ttotal Status Flags
r-devel-linux-x86_64-debian-clang 0.2.0 6.56 113.80 120.36 OK
r-devel-linux-x86_64-debian-gcc 0.2.0 4.25 84.37 88.62 OK
r-devel-linux-x86_64-fedora-clang 0.2.0 156.60 OK
r-devel-linux-x86_64-fedora-gcc 0.2.0 154.11 OK
r-devel-windows-x86_64 0.2.0 7.00 99.00 106.00 NOTE
r-patched-linux-x86_64 0.2.0 8.77 108.25 117.02 OK
r-release-linux-x86_64 0.2.0 6.44 109.85 116.29 OK
r-release-macos-arm64 0.2.0 52.00 OK
r-release-macos-x86_64 0.2.0 78.00 OK
r-release-windows-x86_64 0.2.0 6.00 99.00 105.00 OK
r-oldrel-macos-arm64 0.2.0 53.00 OK
r-oldrel-macos-x86_64 0.2.0 115.00 OK
r-oldrel-windows-x86_64 0.2.0 8.00 112.00 120.00 OK

Check Details

Version: 0.2.0
Check: Rd cross-references
Result: NOTE Found the following Rd file(s) with Rd \link{} targets missing package anchors: geom_debug_panel.Rd: aes_ Please provide package anchors for all Rd \link{} targets not in the package itself and the base packages. Flavor: r-devel-windows-x86_64