Last updated on 2024-03-28 21:50:16 CET.
Flavor | Version | Tinstall | Tcheck | Ttotal | Status | Flags |
---|---|---|---|---|---|---|
r-devel-linux-x86_64-debian-clang | 0.6.0 | 17.51 | 304.59 | 322.10 | OK | |
r-devel-linux-x86_64-debian-gcc | 0.6.0 | 14.70 | 220.90 | 235.60 | OK | |
r-devel-linux-x86_64-fedora-clang | 0.6.0 | 423.90 | NOTE | |||
r-devel-linux-x86_64-fedora-gcc | 0.6.0 | 407.14 | OK | |||
r-devel-windows-x86_64 | 0.6.0 | 16.00 | 231.00 | 247.00 | OK | |
r-patched-linux-x86_64 | 0.6.0 | 27.29 | 288.47 | 315.76 | OK | |
r-release-linux-x86_64 | 0.6.0 | 16.12 | 286.90 | 303.02 | OK | |
r-release-macos-arm64 | 0.6.0 | 119.00 | OK | |||
r-release-macos-x86_64 | 0.6.0 | 194.00 | OK | |||
r-release-windows-x86_64 | 0.6.0 | 20.00 | 303.00 | 323.00 | OK | |
r-oldrel-macos-arm64 | 0.6.0 | 67.00 | OK | |||
r-oldrel-windows-x86_64 | 0.6.0 | 22.00 | 285.00 | 307.00 | OK |
Version: 0.6.0
Check: Rd cross-references
Result: NOTE
Undeclared package ‘car’ in Rd xrefs
Flavor: r-devel-linux-x86_64-fedora-clang