Last updated on 2025-04-30 00:49:45 CEST.
Flavor | Version | Tinstall | Tcheck | Ttotal | Status | Flags |
---|---|---|---|---|---|---|
r-devel-linux-x86_64-debian-clang | 0.1.8 | 6.31 | 144.04 | 150.35 | NOTE | |
r-devel-linux-x86_64-debian-gcc | 0.1.8 | 4.05 | 98.63 | 102.68 | NOTE | |
r-devel-linux-x86_64-fedora-clang | 0.1.8 | 229.17 | OK | |||
r-devel-linux-x86_64-fedora-gcc | 0.1.8 | 234.90 | OK | |||
r-devel-windows-x86_64 | 0.1.8 | 8.00 | 146.00 | 154.00 | OK | |
r-patched-linux-x86_64 | 0.1.8 | 5.87 | 136.33 | 142.20 | OK | |
r-release-linux-x86_64 | 0.1.8 | 6.13 | 136.80 | 142.93 | OK | |
r-release-macos-arm64 | 0.1.8 | 74.00 | OK | |||
r-release-macos-x86_64 | 0.1.8 | 140.00 | OK | |||
r-release-windows-x86_64 | 0.1.8 | 9.00 | 143.00 | 152.00 | OK | |
r-oldrel-macos-arm64 | 0.1.8 | 70.00 | OK | |||
r-oldrel-macos-x86_64 | 0.1.8 | 108.00 | OK | |||
r-oldrel-windows-x86_64 | 0.1.8 | 11.00 | 182.00 | 193.00 | OK |
Version: 0.1.8
Check: examples
Result: NOTE
Examples with CPU (user + system) or elapsed time > 5s
user system elapsed
position_sankey 7.525 0.004 10.043
ecosystem_services 5.995 0.075 7.024
Flavor: r-devel-linux-x86_64-debian-clang
Version: 0.1.8
Check: examples
Result: NOTE
Examples with CPU (user + system) or elapsed time > 5s
user system elapsed
position_sankey 4.810 0.043 5.484
ecosystem_services 4.103 0.051 5.276
Flavor: r-devel-linux-x86_64-debian-gcc