Last updated on 2024-07-27 16:49:07 CEST.
Flavor | Version | Tinstall | Tcheck | Ttotal | Status | Flags |
---|---|---|---|---|---|---|
r-devel-linux-x86_64-debian-clang | 0.0.5 | 5.43 | 69.15 | 74.58 | OK | |
r-devel-linux-x86_64-debian-gcc | 0.0.5 | OK | ||||
r-devel-linux-x86_64-fedora-clang | 0.0.5 | 97.18 | NOTE | |||
r-devel-linux-x86_64-fedora-gcc | 0.0.5 | 101.29 | OK | |||
r-devel-windows-x86_64 | 0.0.5 | 8.00 | 71.00 | 79.00 | OK | |
r-patched-linux-x86_64 | 0.0.5 | OK | ||||
r-release-linux-x86_64 | 0.0.5 | 5.83 | 66.06 | 71.89 | OK | |
r-release-macos-arm64 | 0.0.5 | 34.00 | OK | |||
r-release-macos-x86_64 | 0.0.5 | 51.00 | OK | |||
r-release-windows-x86_64 | 0.0.5 | 7.00 | 71.00 | 78.00 | OK | |
r-oldrel-macos-arm64 | 0.0.5 | 37.00 | OK | |||
r-oldrel-macos-x86_64 | 0.0.5 | 55.00 | OK | |||
r-oldrel-windows-x86_64 | 0.0.5 | 9.00 | 81.00 | 90.00 | OK |
Version: 0.0.5
Check: Rd cross-references
Result: NOTE
Undeclared package ‘RColorBrewer’ in Rd xrefs
Flavor: r-devel-linux-x86_64-fedora-clang