Last updated on 2024-08-31 22:49:39 CEST.
Flavor | Version | Tinstall | Tcheck | Ttotal | Status | Flags |
---|---|---|---|---|---|---|
r-devel-linux-x86_64-debian-clang | 0.1.1-1 | 4.47 | 35.70 | 40.17 | NOTE | |
r-devel-linux-x86_64-debian-gcc | 0.1.1-1 | 3.25 | 27.17 | 30.42 | NOTE | |
r-devel-linux-x86_64-fedora-clang | 0.1.1-1 | 61.76 | OK | |||
r-devel-linux-x86_64-fedora-gcc | 0.1.1-1 | 62.06 | OK | |||
r-devel-windows-x86_64 | 0.1.1-1 | 7.00 | 53.00 | 60.00 | NOTE | |
r-patched-linux-x86_64 | 0.1.1-1 | 7.95 | 33.04 | 40.99 | OK | |
r-release-linux-x86_64 | 0.1.1-1 | 4.61 | 32.86 | 37.47 | OK | |
r-release-macos-arm64 | 0.1.1-1 | 23.00 | OK | |||
r-release-macos-x86_64 | 0.1.1-1 | 31.00 | OK | |||
r-release-windows-x86_64 | 0.1.1-1 | 7.00 | 54.00 | 61.00 | OK | |
r-oldrel-macos-arm64 | 0.1.1-1 | 23.00 | OK | |||
r-oldrel-macos-x86_64 | 0.1.1-1 | 33.00 | OK | |||
r-oldrel-windows-x86_64 | 0.1.1-1 | 7.00 | 57.00 | 64.00 | OK |
Version: 0.1.1-1
Check: Rd cross-references
Result: NOTE
Found the following Rd file(s) with Rd \link{} targets missing package
anchors:
geom_student.Rd: aes, aes_, ggplot, fortify, borders
Please provide package anchors for all Rd \link{} targets not in the
package itself and the base packages.
Flavors: r-devel-linux-x86_64-debian-clang, r-devel-linux-x86_64-debian-gcc, r-devel-windows-x86_64