CRAN Package Check Results for Package ggtern

Last updated on 2024-07-18 11:52:59 CEST.

Flavor Version Tinstall Tcheck Ttotal Status Flags
r-devel-linux-x86_64-debian-clang 3.5.0 17.22 163.36 180.58 OK
r-devel-linux-x86_64-debian-gcc 3.5.0 13.47 118.87 132.34 OK
r-devel-linux-x86_64-fedora-clang 3.5.0 222.34 NOTE
r-devel-linux-x86_64-fedora-gcc 3.5.0 208.40 OK
r-devel-windows-x86_64 3.5.0 18.00 145.00 163.00 NOTE
r-patched-linux-x86_64 3.5.0 25.20 156.93 182.13 OK
r-release-linux-x86_64 3.5.0 13.38 153.26 166.64 OK
r-release-macos-arm64 3.5.0 58.00 OK
r-release-macos-x86_64 3.5.0 92.00 OK
r-release-windows-x86_64 3.5.0 16.00 148.00 164.00 OK
r-oldrel-macos-arm64 3.5.0 61.00 OK
r-oldrel-macos-x86_64 3.5.0 147.00 OK
r-oldrel-windows-x86_64 3.5.0 22.00 177.00 199.00 OK

Check Details

Version: 3.5.0
Check: Rd cross-references
Result: NOTE Undeclared package ‘chemometrics’ in Rd xrefs Flavor: r-devel-linux-x86_64-fedora-clang

Version: 3.5.0
Check: Rd cross-references
Result: NOTE Found the following Rd file(s) with Rd \link{} targets missing package anchors: annotation_raster_tern.Rd: geom_raster approved_layers.Rd: geom_point, geom_path, geom_line, geom_label, geom_text, geom_jitter, geom_polygon, geom_segment, geom_count, geom_curve, geom_blank, geom_rect, stat_identity, stat_sum, stat_unique, position_identity coord_tern.Rd: geom_segment geom_Xline.Rd: geom_hline, geom_vline geom_confidence_tern.Rd: ilr, stat_contour geom_hex_tern.Rd: aes_position, aes_colour_fill_alpha, aes_group_order, aes_linetype_size_shape geom_mean_ellipse.Rd: compositions, stat_contour geom_tri_tern.Rd: aes_position, aes_colour_fill_alpha, aes_group_order, aes_linetype_size_shape ggplot_build.Rd: benchplot ggplot_gtable.Rd: gtable ggtern_labels.Rd: xlab, ylab, latex2exp ggtern_package.Rd: proto kde2d.weighted.Rd: kde2d theme_elements.Rd: element_rect theme_latex.Rd: latex2exp, TeX theme_showgrid.Rd: element_line, element_blank Please provide package anchors for all Rd \link{} targets not in the package itself and the base packages. Flavor: r-devel-windows-x86_64