Last updated on 2024-04-28 00:06:46 CEST.
Flavor | Version | Tinstall | Tcheck | Ttotal | Status | Flags |
---|---|---|---|---|---|---|
r-devel-linux-x86_64-debian-clang | 1.1.0 | 213.88 | 61.61 | 275.49 | NOTE | |
r-devel-linux-x86_64-debian-gcc | 1.1.0 | 156.39 | 45.67 | 202.06 | NOTE | |
r-devel-linux-x86_64-fedora-clang | 1.1.0 | 399.98 | NOTE | |||
r-devel-linux-x86_64-fedora-gcc | 1.1.0 | 400.25 | NOTE | |||
r-devel-windows-x86_64 | 1.1.0 | 207.00 | 92.00 | 299.00 | NOTE | |
r-patched-linux-x86_64 | 1.1.0 | 149.34 | 56.48 | 205.82 | NOTE | |
r-release-linux-x86_64 | 1.1.0 | 149.62 | 58.83 | 208.45 | NOTE | |
r-release-macos-arm64 | 1.1.0 | 68.00 | NOTE | |||
r-release-macos-x86_64 | 1.1.0 | 105.00 | NOTE | |||
r-release-windows-x86_64 | 1.1.0 | 189.00 | 94.00 | 283.00 | NOTE | |
r-oldrel-macos-arm64 | 1.1.0 | 73.00 | NOTE | |||
r-oldrel-macos-x86_64 | 1.1.0 | 107.00 | NOTE | |||
r-oldrel-windows-x86_64 | 1.1.0 | 245.00 | 109.00 | 354.00 | NOTE |
Version: 1.1.0
Check: for GNU extensions in Makefiles
Result: NOTE
GNU make is a SystemRequirements.
Flavors: r-devel-linux-x86_64-debian-clang, r-devel-linux-x86_64-debian-gcc, r-devel-linux-x86_64-fedora-clang, r-devel-linux-x86_64-fedora-gcc, r-devel-windows-x86_64, r-patched-linux-x86_64, r-release-linux-x86_64, r-release-macos-arm64, r-release-macos-x86_64, r-release-windows-x86_64, r-oldrel-macos-arm64, r-oldrel-macos-x86_64, r-oldrel-windows-x86_64
Version: 1.1.0
Check: data for non-ASCII characters
Result: NOTE
Note: found 553 marked UTF-8 strings
Flavors: r-devel-linux-x86_64-fedora-clang, r-devel-linux-x86_64-fedora-gcc
Version: 1.1.0
Check: installed package size
Result: NOTE
installed size is 7.5Mb
sub-directories of 1Mb or more:
libs 7.2Mb
Flavors: r-release-macos-arm64, r-release-macos-x86_64, r-oldrel-macos-arm64, r-oldrel-macos-x86_64