Last updated on 2024-08-31 22:49:39 CEST.
Flavor | Version | Tinstall | Tcheck | Ttotal | Status | Flags |
---|---|---|---|---|---|---|
r-devel-linux-x86_64-debian-clang | 7.0 | 9.66 | 66.04 | 75.70 | OK | |
r-devel-linux-x86_64-debian-gcc | 7.0 | 6.18 | 45.08 | 51.26 | OK | |
r-devel-linux-x86_64-fedora-clang | 7.0 | 122.40 | OK | |||
r-devel-linux-x86_64-fedora-gcc | 7.0 | 120.52 | OK | |||
r-devel-windows-x86_64 | 7.0 | 11.00 | 82.00 | 93.00 | OK | |
r-patched-linux-x86_64 | 7.0 | 9.65 | 61.22 | 70.87 | OK | |
r-release-linux-x86_64 | 7.0 | 9.19 | 61.13 | 70.32 | OK | |
r-release-macos-arm64 | 7.0 | 34.00 | OK | |||
r-release-macos-x86_64 | 7.0 | 84.00 | ERROR | |||
r-release-windows-x86_64 | 7.0 | 13.00 | 87.00 | 100.00 | OK | |
r-oldrel-macos-arm64 | 7.0 | 36.00 | OK | |||
r-oldrel-macos-x86_64 | 7.0 | 69.00 | ERROR | |||
r-oldrel-windows-x86_64 | 7.0 | 14.00 | 94.00 | 108.00 | OK |
Version: 7.0
Check: examples
Result: ERROR
Running examples in ‘gluvarpro-Ex.R’ failed
The error most likely occurred in:
> ### Name: preprocessgvp
> ### Title: preprocessing raw data from continuous glucose monitoring
> ### Aliases: preprocessgvp
>
> ### ** Examples
>
> data("datagvp4")
> preprocessgvp(datagvp4)
Error in preprocessgvp(datagvp4) :
Variable date and time must have yyyy/mm/dd and hh:mm:ss format.
Execution halted
Flavors: r-release-macos-x86_64, r-oldrel-macos-x86_64