Last updated on 2025-04-30 01:50:21 CEST.
Flavor | Version | Tinstall | Tcheck | Ttotal | Status | Flags |
---|---|---|---|---|---|---|
r-devel-linux-x86_64-debian-clang | 2.2.0 | 16.54 | 83.40 | 99.94 | OK | |
r-devel-linux-x86_64-debian-gcc | 2.2.0 | 10.90 | 53.82 | 64.72 | OK | |
r-devel-linux-x86_64-fedora-clang | 2.2.0 | 154.86 | OK | |||
r-devel-linux-x86_64-fedora-gcc | 2.2.0 | 141.81 | OK | |||
r-devel-windows-x86_64 | 2.2.0 | 15.00 | 96.00 | 111.00 | OK | |
r-patched-linux-x86_64 | 2.2.0 | 15.75 | 74.36 | 90.11 | OK | |
r-release-linux-x86_64 | 2.2.0 | 15.17 | 75.52 | 90.69 | OK | |
r-release-macos-arm64 | 2.2.0 | 39.00 | OK | |||
r-release-macos-x86_64 | 2.2.0 | 81.00 | OK | |||
r-release-windows-x86_64 | 2.2.0 | 15.00 | 103.00 | 118.00 | OK | |
r-oldrel-macos-arm64 | 2.2.0 | 41.00 | NOTE | |||
r-oldrel-macos-x86_64 | 2.2.0 | 78.00 | NOTE | |||
r-oldrel-windows-x86_64 | 2.2.0 | 22.00 | 115.00 | 137.00 | NOTE |
Version: 2.2.0
Check: installed package size
Result: NOTE
installed size is 6.0Mb
sub-directories of 1Mb or more:
extdata 5.0Mb
Flavors: r-oldrel-macos-arm64, r-oldrel-macos-x86_64, r-oldrel-windows-x86_64