Last updated on 2024-05-02 13:49:58 CEST.
Flavor | Version | Tinstall | Tcheck | Ttotal | Status | Flags |
---|---|---|---|---|---|---|
r-devel-linux-x86_64-debian-clang | 0.0.4 | 39.19 | 472.11 | 511.30 | OK | |
r-devel-linux-x86_64-debian-gcc | 0.0.4 | 26.65 | 328.57 | 355.22 | OK | |
r-devel-linux-x86_64-fedora-clang | 0.0.4 | 644.86 | OK | |||
r-devel-linux-x86_64-fedora-gcc | 0.0.4 | 600.64 | OK | |||
r-devel-windows-x86_64 | 0.0.4 | 33.00 | 318.00 | 351.00 | OK | |
r-patched-linux-x86_64 | 0.0.4 | 32.59 | 440.64 | 473.23 | OK | |
r-release-linux-x86_64 | 0.0.4 | 27.21 | 442.27 | 469.48 | OK | |
r-release-macos-arm64 | 0.0.4 | 152.00 | NOTE | |||
r-release-windows-x86_64 | 0.0.4 | 32.00 | 320.00 | 352.00 | OK | |
r-oldrel-macos-arm64 | 0.0.4 | 159.00 | NOTE | |||
r-oldrel-macos-x86_64 | 0.0.4 | 336.00 | OK | |||
r-oldrel-windows-x86_64 | 0.0.4 | 37.00 | 435.00 | 472.00 | OK |
Version: 0.0.4
Check: installed package size
Result: NOTE
installed size is 5.0Mb
sub-directories of 1Mb or more:
doc 1.6Mb
libs 2.4Mb
Flavors: r-release-macos-arm64, r-oldrel-macos-arm64