CRAN Package Check Results for Package guardianapi

Last updated on 2024-06-17 21:51:47 CEST.

Flavor Version Tinstall Tcheck Ttotal Status Flags
r-devel-linux-x86_64-debian-clang 0.1.1 5.98 52.52 58.50 NOTE
r-devel-linux-x86_64-debian-gcc 0.1.1 4.06 39.52 43.58 NOTE
r-devel-linux-x86_64-fedora-clang 0.1.1 72.55 NOTE
r-devel-linux-x86_64-fedora-gcc 0.1.1 80.16 NOTE
r-devel-windows-x86_64 0.1.1 6.00 62.00 68.00 NOTE
r-patched-linux-x86_64 0.1.1 6.43 50.75 57.18 NOTE
r-release-linux-x86_64 0.1.1 5.96 50.79 56.75 NOTE
r-release-macos-arm64 0.1.1 31.00 NOTE
r-release-macos-x86_64 0.1.1 65.00 NOTE
r-release-windows-x86_64 0.1.1 7.00 60.00 67.00 NOTE
r-oldrel-macos-arm64 0.1.1 39.00 NOTE
r-oldrel-macos-x86_64 0.1.1 48.00 NOTE
r-oldrel-windows-x86_64 0.1.1 8.00 67.00 75.00 NOTE

Check Details

Version: 0.1.1
Check: LazyData
Result: NOTE 'LazyData' is specified without a 'data' directory Flavors: r-devel-linux-x86_64-debian-clang, r-devel-linux-x86_64-debian-gcc, r-devel-linux-x86_64-fedora-clang, r-devel-linux-x86_64-fedora-gcc, r-devel-windows-x86_64, r-patched-linux-x86_64, r-release-linux-x86_64, r-release-macos-arm64, r-release-macos-x86_64, r-release-windows-x86_64, r-oldrel-macos-arm64, r-oldrel-macos-x86_64, r-oldrel-windows-x86_64