Last updated on 2024-08-31 22:49:40 CEST.
Flavor | Version | Tinstall | Tcheck | Ttotal | Status | Flags |
---|---|---|---|---|---|---|
r-devel-linux-x86_64-debian-clang | 1.0.0 | 51.74 | 74.40 | 126.14 | OK | |
r-devel-linux-x86_64-debian-gcc | 1.0.0 | 35.70 | 51.82 | 87.52 | OK | |
r-devel-linux-x86_64-fedora-clang | 1.0.0 | 222.44 | OK | |||
r-devel-linux-x86_64-fedora-gcc | 1.0.0 | 221.05 | OK | |||
r-devel-windows-x86_64 | 1.0.0 | 56.00 | 114.00 | 170.00 | OK | |
r-patched-linux-x86_64 | 1.0.0 | 50.66 | 68.47 | 119.13 | OK | |
r-release-linux-x86_64 | 1.0.0 | 50.43 | 69.03 | 119.46 | OK | |
r-release-macos-arm64 | 1.0.0 | 59.00 | NOTE | |||
r-release-macos-x86_64 | 1.0.0 | 77.00 | NOTE | |||
r-release-windows-x86_64 | 1.0.0 | 62.00 | 113.00 | 175.00 | OK | |
r-oldrel-macos-arm64 | 1.0.0 | 67.00 | NOTE | |||
r-oldrel-macos-x86_64 | 1.0.0 | 100.00 | NOTE | |||
r-oldrel-windows-x86_64 | 1.0.0 | 70.00 | 134.00 | 204.00 | OK |
Version: 1.0.0
Check: installed package size
Result: NOTE
installed size is 5.8Mb
sub-directories of 1Mb or more:
data 3.0Mb
libs 2.5Mb
Flavors: r-release-macos-arm64, r-release-macos-x86_64, r-oldrel-macos-arm64, r-oldrel-macos-x86_64