Last updated on 2024-04-24 16:54:33 CEST.
Flavor | Version | Tinstall | Tcheck | Ttotal | Status | Flags |
---|---|---|---|---|---|---|
r-devel-linux-x86_64-debian-clang | 0.2.0 | 4.42 | 23.69 | 28.11 | OK | |
r-devel-linux-x86_64-debian-gcc | 0.2.0 | 4.12 | 18.09 | 22.21 | OK | |
r-devel-linux-x86_64-fedora-clang | 0.2.0 | 35.73 | NOTE | |||
r-devel-linux-x86_64-fedora-gcc | 0.2.0 | 34.45 | NOTE | |||
r-devel-windows-x86_64 | 0.2.0 | 6.00 | 38.00 | 44.00 | OK | |
r-patched-linux-x86_64 | 0.2.0 | 3.56 | 23.02 | 26.58 | OK | |
r-release-linux-x86_64 | 0.2.0 | 4.91 | 22.51 | 27.42 | OK | |
r-release-macos-arm64 | 0.2.0 | 18.00 | OK | |||
r-release-windows-x86_64 | 0.2.0 | 6.00 | 37.00 | 43.00 | OK | |
r-oldrel-macos-arm64 | 0.2.0 | 19.00 | OK | |||
r-oldrel-macos-x86_64 | 0.2.0 | 24.00 | OK | |||
r-oldrel-windows-x86_64 | 0.2.0 | 8.00 | 39.00 | 47.00 | OK |
Version: 0.2.0
Check: data for non-ASCII characters
Result: NOTE
Note: found 104392 marked UTF-8 strings
Flavors: r-devel-linux-x86_64-fedora-clang, r-devel-linux-x86_64-fedora-gcc