Last updated on 2025-04-29 14:53:36 CEST.
Flavor | Version | Tinstall | Tcheck | Ttotal | Status | Flags |
---|---|---|---|---|---|---|
r-devel-linux-x86_64-debian-clang | 0.1.0 | 12.84 | 154.72 | 167.56 | NOTE | |
r-devel-linux-x86_64-debian-gcc | 0.1.0 | 8.56 | 105.32 | 113.88 | NOTE | |
r-devel-linux-x86_64-fedora-clang | 0.1.0 | 259.46 | OK | |||
r-devel-linux-x86_64-fedora-gcc | 0.1.0 | 239.53 | OK | |||
r-devel-windows-x86_64 | 0.1.0 | 14.00 | 146.00 | 160.00 | OK | |
r-patched-linux-x86_64 | 0.1.0 | 11.88 | 145.86 | 157.74 | OK | |
r-release-linux-x86_64 | 0.1.0 | 12.30 | 148.07 | 160.37 | OK | |
r-release-macos-arm64 | 0.1.0 | 74.00 | OK | |||
r-release-macos-x86_64 | 0.1.0 | 140.00 | OK | |||
r-release-windows-x86_64 | 0.1.0 | 14.00 | 145.00 | 159.00 | OK | |
r-oldrel-macos-arm64 | 0.1.0 | 68.00 | OK | |||
r-oldrel-macos-x86_64 | 0.1.0 | 119.00 | OK | |||
r-oldrel-windows-x86_64 | 0.1.0 | 16.00 | 190.00 | 206.00 | OK |
Version: 0.1.0
Check: examples
Result: NOTE
Examples with CPU (user + system) or elapsed time > 5s
user system elapsed
h5Write 9.615 0.066 12.208
Flavor: r-devel-linux-x86_64-debian-clang
Version: 0.1.0
Check: examples
Result: NOTE
Examples with CPU (user + system) or elapsed time > 5s
user system elapsed
h5Write 7.008 0.122 8.216
Flavor: r-devel-linux-x86_64-debian-gcc