CRAN Package Check Results for Package healthatlas

Last updated on 2025-01-25 02:50:54 CET.

Flavor Version Tinstall Tcheck Ttotal Status Flags
r-devel-linux-x86_64-debian-clang 0.1.1 1.51 32.46 33.97 NOTE
r-devel-linux-x86_64-debian-gcc 0.1.1 1.39 25.69 27.08 NOTE
r-devel-linux-x86_64-fedora-clang 0.1.1 57.95 OK
r-devel-linux-x86_64-fedora-gcc 0.1.1 68.08 NOTE
r-devel-windows-x86_64 0.1.1 4.00 96.00 100.00 OK
r-patched-linux-x86_64 0.1.1 2.16 31.52 33.68 OK
r-release-linux-x86_64 0.1.1 2.13 31.10 33.23 OK
r-release-macos-arm64 0.1.1 72.00 OK
r-release-macos-x86_64 0.1.1 97.00 OK
r-release-windows-x86_64 0.1.1 4.00 84.00 88.00 OK
r-oldrel-macos-arm64 0.1.1 71.00 OK
r-oldrel-macos-x86_64 0.1.1 100.00 OK
r-oldrel-windows-x86_64 0.1.1 4.00 80.00 84.00 OK

Check Details

Version: 0.1.1
Check: DESCRIPTION meta-information
Result: NOTE Missing dependency on R >= 4.1.0 because package code uses the pipe |> or function shorthand \(...) syntax added in R 4.1.0. File(s) using such syntax: ‘ha_api_req.R’ ‘ha_coverage.R’ ‘ha_data.R’ ‘ha_layer.R’ ‘ha_point_layer.R’ ‘ha_stratifications.R’ ‘ha_subcategories.R’ ‘ha_topics.R’ ‘helpers.R’ Flavors: r-devel-linux-x86_64-debian-clang, r-devel-linux-x86_64-debian-gcc, r-devel-linux-x86_64-fedora-gcc