CRAN Package Check Results for Package healthfinance

Last updated on 2025-06-23 18:50:20 CEST.

Flavor Version Tinstall Tcheck Ttotal Status Flags
r-devel-linux-x86_64-debian-clang 0.1.0 7.21 62.09 69.30 OK
r-devel-linux-x86_64-debian-gcc 0.1.0 4.45 43.07 47.52 OK
r-devel-linux-x86_64-fedora-clang 0.1.0 105.03 OK
r-devel-linux-x86_64-fedora-gcc 0.1.0 89.43 OK
r-devel-windows-x86_64 0.1.0 8.00 70.00 78.00 OK
r-patched-linux-x86_64 0.1.0 6.15 55.48 61.63 OK
r-release-linux-x86_64 0.1.0 6.54 57.55 64.09 OK
r-release-macos-arm64 0.1.0 29.00 OK
r-release-macos-x86_64 0.1.0 63.00 OK
r-release-windows-x86_64 0.1.0 10.00 69.00 79.00 OK
r-oldrel-macos-arm64 0.1.0 30.00 NOTE
r-oldrel-macos-x86_64 0.1.0 63.00 NOTE
r-oldrel-windows-x86_64 0.1.0 10.00 86.00 96.00 NOTE

Check Details

Version: 0.1.0
Check: LazyData
Result: NOTE 'LazyData' is specified without a 'data' directory Flavors: r-oldrel-macos-arm64, r-oldrel-macos-x86_64, r-oldrel-windows-x86_64