Last updated on 2025-02-05 07:50:14 CET.
Flavor | Version | Tinstall | Tcheck | Ttotal | Status | Flags |
---|---|---|---|---|---|---|
r-devel-linux-x86_64-debian-clang | 1.2.0 | 20.12 | 33.20 | 53.32 | OK | |
r-devel-linux-x86_64-debian-gcc | 1.2.0 | 17.58 | 27.26 | 44.84 | OK | |
r-devel-linux-x86_64-fedora-clang | 1.2.0 | 83.61 | OK | |||
r-devel-linux-x86_64-fedora-gcc | 1.2.0 | 82.83 | OK | |||
r-devel-windows-x86_64 | 1.2.0 | 22.00 | 58.00 | 80.00 | OK | |
r-patched-linux-x86_64 | 1.2.0 | 21.32 | 31.20 | 52.52 | OK | |
r-release-linux-x86_64 | 1.2.0 | 19.47 | 31.83 | 51.30 | OK | |
r-release-macos-arm64 | 1.2.0 | 44.00 | NOTE | |||
r-release-macos-x86_64 | 1.2.0 | 108.00 | NOTE | |||
r-release-windows-x86_64 | 1.2.0 | 21.00 | 58.00 | 79.00 | OK | |
r-oldrel-macos-arm64 | 1.2.0 | 43.00 | NOTE | |||
r-oldrel-macos-x86_64 | 1.2.0 | 103.00 | NOTE | |||
r-oldrel-windows-x86_64 | 1.2.0 | 29.00 | 65.00 | 94.00 | OK |
Version: 1.2.0
Check: installed package size
Result: NOTE
installed size is 5.2Mb
sub-directories of 1Mb or more:
data 4.9Mb
Flavors: r-release-macos-arm64, r-release-macos-x86_64, r-oldrel-macos-arm64, r-oldrel-macos-x86_64