Last updated on 2024-08-31 22:49:40 CEST.
Flavor | Version | Tinstall | Tcheck | Ttotal | Status | Flags |
---|---|---|---|---|---|---|
r-devel-linux-x86_64-debian-clang | 0.2.2 | 10.55 | 86.18 | 96.73 | OK | |
r-devel-linux-x86_64-debian-gcc | 0.2.2 | 7.62 | 60.57 | 68.19 | OK | |
r-devel-linux-x86_64-fedora-clang | 0.2.2 | 152.89 | NOTE | |||
r-devel-linux-x86_64-fedora-gcc | 0.2.2 | 161.47 | OK | |||
r-devel-windows-x86_64 | 0.2.2 | 12.00 | 100.00 | 112.00 | NOTE | |
r-patched-linux-x86_64 | 0.2.2 | 8.84 | 80.78 | 89.62 | OK | |
r-release-linux-x86_64 | 0.2.2 | 8.96 | 81.36 | 90.32 | OK | |
r-release-macos-arm64 | 0.2.2 | 63.00 | NOTE | |||
r-release-macos-x86_64 | 0.2.2 | 158.00 | NOTE | |||
r-release-windows-x86_64 | 0.2.2 | 11.00 | 101.00 | 112.00 | NOTE | |
r-oldrel-macos-arm64 | 0.2.2 | 79.00 | NOTE | |||
r-oldrel-macos-x86_64 | 0.2.2 | 137.00 | NOTE | |||
r-oldrel-windows-x86_64 | 0.2.2 | 17.00 | 120.00 | 137.00 | NOTE |
Version: 0.2.2
Check: installed package size
Result: NOTE
installed size is 5.5Mb
sub-directories of 1Mb or more:
data 1.4Mb
doc 3.8Mb
Flavors: r-devel-linux-x86_64-fedora-clang, r-devel-windows-x86_64, r-release-macos-arm64, r-release-macos-x86_64, r-release-windows-x86_64, r-oldrel-macos-arm64, r-oldrel-macos-x86_64, r-oldrel-windows-x86_64