Last updated on 2024-08-31 22:49:40 CEST.
Flavor | Version | Tinstall | Tcheck | Ttotal | Status | Flags |
---|---|---|---|---|---|---|
r-devel-linux-x86_64-debian-clang | 1.0.10 | 3.37 | 37.91 | 41.28 | OK | |
r-devel-linux-x86_64-debian-gcc | 1.0.10 | 2.43 | 29.47 | 31.90 | OK | |
r-devel-linux-x86_64-fedora-clang | 1.0.10 | 68.80 | WARN | |||
r-devel-linux-x86_64-fedora-gcc | 1.0.10 | 77.63 | WARN | |||
r-devel-windows-x86_64 | 1.0.10 | 6.00 | 64.00 | 70.00 | OK | |
r-patched-linux-x86_64 | 1.0.10 | 3.14 | 37.26 | 40.40 | OK | |
r-release-linux-x86_64 | 1.0.10 | 2.95 | 37.24 | 40.19 | OK | |
r-release-macos-arm64 | 1.0.10 | 31.00 | OK | |||
r-release-macos-x86_64 | 1.0.10 | 44.00 | OK | |||
r-release-windows-x86_64 | 1.0.10 | 6.00 | 64.00 | 70.00 | OK | |
r-oldrel-macos-arm64 | 1.0.10 | 34.00 | OK | |||
r-oldrel-macos-x86_64 | 1.0.10 | 41.00 | OK | |||
r-oldrel-windows-x86_64 | 1.0.10 | 7.00 | 68.00 | 75.00 | OK |
Version: 1.0.10
Check: package dependencies
Result: WARN
Requires orphaned package: ‘taxize’
Flavors: r-devel-linux-x86_64-fedora-clang, r-devel-linux-x86_64-fedora-gcc