Last updated on 2024-05-02 08:01:44 CEST.
Flavor | Version | Tinstall | Tcheck | Ttotal | Status | Flags |
---|---|---|---|---|---|---|
r-devel-linux-x86_64-debian-clang | 1.9 | 5.89 | 36.28 | 42.17 | NOTE | |
r-devel-linux-x86_64-debian-gcc | 1.9 | 4.35 | 28.79 | 33.14 | NOTE | |
r-devel-linux-x86_64-fedora-clang | 1.9 | 51.18 | NOTE | |||
r-devel-linux-x86_64-fedora-gcc | 1.9 | 52.77 | NOTE | |||
r-devel-windows-x86_64 | 1.9 | 7.00 | 58.00 | 65.00 | NOTE | |
r-patched-linux-x86_64 | 1.9 | 5.29 | 36.94 | 42.23 | NOTE | |
r-release-linux-x86_64 | 1.9 | 4.41 | 37.82 | 42.23 | NOTE | |
r-release-macos-arm64 | 1.9 | 22.00 | NOTE | |||
r-release-windows-x86_64 | 1.9 | 7.00 | 58.00 | 65.00 | NOTE | |
r-oldrel-macos-arm64 | 1.9 | 22.00 | OK | |||
r-oldrel-macos-x86_64 | 1.9 | 33.00 | OK | |||
r-oldrel-windows-x86_64 | 1.9 | 9.00 | 60.00 | 69.00 | OK |
Version: 1.9
Check: Rd files
Result: NOTE
checkRd: (-1) hierNet.Rd:28: Lost braces; missing escapes or markup?
28 | terms, th_{jj}X_j^2, in the model. Default TRUE.}
| ^
checkRd: (-1) hierNet.logistic.Rd:30: Lost braces; missing escapes or markup?
30 | terms, th_{jj}X_j^2, in the model. Default TRUE.}
| ^
checkRd: (-1) hierNet.logistic.Rd:63: Lost braces
63 | \seealso{\link{predict.hierNet.logistic},link{hierNet.logistic.path}}
| ^
checkRd: (-1) hierNet.logistic.path.Rd:39: Lost braces; missing escapes or markup?
39 | terms, th_{jj}X_j^2, in the model. Default TRUE.}
| ^
checkRd: (-1) hierNet.path.Rd:38: Lost braces; missing escapes or markup?
38 | terms, th_{jj}X_j^2, in the model. Default TRUE.}
| ^
Flavors: r-devel-linux-x86_64-debian-clang, r-devel-linux-x86_64-debian-gcc, r-devel-linux-x86_64-fedora-clang, r-devel-linux-x86_64-fedora-gcc, r-devel-windows-x86_64, r-patched-linux-x86_64, r-release-linux-x86_64, r-release-macos-arm64, r-release-windows-x86_64