Last updated on 2025-04-29 10:50:37 CEST.
Flavor | Version | Tinstall | Tcheck | Ttotal | Status | Flags |
---|---|---|---|---|---|---|
r-devel-linux-x86_64-debian-clang | 0.9.4 | 11.16 | 112.41 | 123.57 | NOTE | |
r-devel-linux-x86_64-debian-gcc | 0.9.4 | 8.38 | 76.51 | 84.89 | OK | |
r-devel-linux-x86_64-fedora-clang | 0.9.4 | 192.86 | OK | |||
r-devel-linux-x86_64-fedora-gcc | 0.9.4 | 178.15 | OK | |||
r-devel-windows-x86_64 | 0.9.4 | 14.00 | 150.00 | 164.00 | OK | |
r-patched-linux-x86_64 | 0.9.4 | 12.06 | 104.53 | 116.59 | OK | |
r-release-linux-x86_64 | 0.9.4 | 10.79 | 104.10 | 114.89 | OK | |
r-release-macos-arm64 | 0.9.4 | 55.00 | OK | |||
r-release-macos-x86_64 | 0.9.4 | 104.00 | OK | |||
r-release-windows-x86_64 | 0.9.4 | 18.00 | 145.00 | 163.00 | OK | |
r-oldrel-macos-arm64 | 0.9.4 | 52.00 | OK | |||
r-oldrel-macos-x86_64 | 0.9.4 | 81.00 | OK | |||
r-oldrel-windows-x86_64 | 0.9.4 | 19.00 | 178.00 | 197.00 | OK |
Version: 0.9.4
Check: examples
Result: NOTE
Examples with CPU (user + system) or elapsed time > 5s
user system elapsed
tooltip_chart 5.784 0.094 6.880
hc_mapNavigation 4.681 0.082 6.177
Flavor: r-devel-linux-x86_64-debian-clang