Last updated on 2025-05-01 12:49:30 CEST.
Flavor | Version | Tinstall | Tcheck | Ttotal | Status | Flags |
---|---|---|---|---|---|---|
r-devel-linux-x86_64-debian-clang | 0.1.0 | 193.49 | 255.61 | 449.10 | NOTE | |
r-devel-linux-x86_64-debian-gcc | 0.1.0 | 160.92 | 186.12 | 347.04 | OK | |
r-devel-linux-x86_64-fedora-clang | 0.1.0 | 667.32 | OK | |||
r-devel-linux-x86_64-fedora-gcc | 0.1.0 | 800.01 | OK | |||
r-devel-windows-x86_64 | 0.1.0 | 198.00 | 261.00 | 459.00 | OK | |
r-patched-linux-x86_64 | 0.1.0 | 231.81 | 254.84 | 486.65 | OK | |
r-release-linux-x86_64 | OK | |||||
r-release-macos-arm64 | 0.1.0 | 177.00 | OK | |||
r-release-macos-x86_64 | 0.1.0 | 381.00 | OK | |||
r-release-windows-x86_64 | 0.1.0 | 198.00 | 272.00 | 470.00 | OK | |
r-oldrel-macos-arm64 | 0.1.0 | 98.00 | NOTE | |||
r-oldrel-macos-x86_64 | 0.1.0 | 185.00 | NOTE | |||
r-oldrel-windows-x86_64 | 0.1.0 | 223.00 | 354.00 | 577.00 | NOTE |
Version: 0.1.0
Check: examples
Result: NOTE
Examples with CPU (user + system) or elapsed time > 5s
user system elapsed
hbl_ess 8.204 0.197 10.061
Flavor: r-devel-linux-x86_64-debian-clang
Version: 0.1.0
Check: examples
Result: NA
user system elapsed
hbl_ess 4.608 0.197 5.798
OK
Flavor: r-devel-linux-x86_64-debian-gcc
Version: 0.1.0
Check: installed package size
Result: NOTE
installed size is 83.3Mb
sub-directories of 1Mb or more:
libs 82.8Mb
Flavors: r-oldrel-macos-arm64, r-oldrel-macos-x86_64
Version: 0.1.0
Check: for GNU extensions in Makefiles
Result: NOTE
GNU make is a SystemRequirements.
Flavors: r-oldrel-macos-arm64, r-oldrel-macos-x86_64, r-oldrel-windows-x86_64