Last updated on 2024-04-28 15:51:22 CEST.
Flavor | Version | Tinstall | Tcheck | Ttotal | Status | Flags |
---|---|---|---|---|---|---|
r-devel-linux-x86_64-debian-clang | 0.0.8 | 238.23 | 305.66 | 543.89 | NOTE | |
r-devel-linux-x86_64-debian-gcc | 0.0.8 | 226.00 | 235.53 | 461.53 | NOTE | |
r-devel-linux-x86_64-fedora-clang | 0.0.8 | 686.28 | NOTE | |||
r-devel-linux-x86_64-fedora-gcc | 0.0.8 | 779.15 | NOTE | |||
r-devel-windows-x86_64 | 0.0.8 | 178.00 | 247.00 | 425.00 | NOTE | |
r-patched-linux-x86_64 | 0.0.8 | 0.31 | 2.32 | 2.63 | ERROR | |
r-release-linux-x86_64 | 0.0.8 | 188.70 | 302.39 | 491.09 | NOTE | |
r-release-macos-arm64 | 0.0.8 | 165.00 | NOTE | |||
r-release-windows-x86_64 | 0.0.8 | 181.00 | 241.00 | 422.00 | NOTE | |
r-oldrel-macos-arm64 | 0.0.8 | 165.00 | NOTE | |||
r-oldrel-macos-x86_64 | 0.0.8 | 398.00 | NOTE | |||
r-oldrel-windows-x86_64 | 0.0.8 | 246.00 | 307.00 | 553.00 | NOTE |
Version: 0.0.8
Check: for GNU extensions in Makefiles
Result: NOTE
GNU make is a SystemRequirements.
Flavors: r-devel-linux-x86_64-debian-clang, r-devel-linux-x86_64-debian-gcc, r-devel-linux-x86_64-fedora-clang, r-devel-linux-x86_64-fedora-gcc, r-devel-windows-x86_64, r-release-linux-x86_64, r-release-macos-arm64, r-release-windows-x86_64, r-oldrel-macos-arm64, r-oldrel-macos-x86_64, r-oldrel-windows-x86_64
Version: 0.0.8
Check: package dependencies
Result: ERROR
Package required but not available: ‘trialr’
See section ‘The DESCRIPTION file’ in the ‘Writing R Extensions’
manual.
Flavor: r-patched-linux-x86_64
Version: 0.0.8
Check: installed package size
Result: NOTE
installed size is 65.5Mb
sub-directories of 1Mb or more:
libs 65.0Mb
Flavors: r-release-macos-arm64, r-oldrel-macos-arm64, r-oldrel-macos-x86_64