CRAN Package Check Results for Package hoardr

Last updated on 2024-07-18 12:50:51 CEST.

Flavor Version Tinstall Tcheck Ttotal Status Flags
r-devel-linux-x86_64-debian-clang 0.5.4 3.57 30.32 33.89 OK
r-devel-linux-x86_64-debian-gcc 0.5.4 2.92 22.28 25.20 OK
r-devel-linux-x86_64-fedora-clang 0.5.4 43.82 OK
r-devel-linux-x86_64-fedora-gcc 0.5.4 53.45 OK
r-devel-windows-x86_64 0.5.4 4.00 47.00 51.00 NOTE
r-patched-linux-x86_64 0.5.4 4.62 27.69 32.31 OK
r-release-linux-x86_64 0.5.4 3.50 28.35 31.85 OK
r-release-macos-arm64 0.5.4 25.00 OK
r-release-macos-x86_64 0.5.4 45.00 OK
r-release-windows-x86_64 0.5.4 5.00 45.00 50.00 OK
r-oldrel-macos-arm64 0.5.4 29.00 OK
r-oldrel-macos-x86_64 0.5.4 75.00 OK
r-oldrel-windows-x86_64 0.5.4 4.00 48.00 52.00 OK

Check Details

Version: 0.5.4
Check: Rd cross-references
Result: NOTE Found the following Rd file(s) with Rd \link{} targets missing package anchors: hoard.Rd: rappdirs Please provide package anchors for all Rd \link{} targets not in the package itself and the base packages. Flavor: r-devel-windows-x86_64