Last updated on 2025-04-29 15:50:15 CEST.
Flavor | Version | Tinstall | Tcheck | Ttotal | Status | Flags |
---|---|---|---|---|---|---|
r-devel-linux-x86_64-debian-clang | 3.1.5 | 63.83 | 337.59 | 401.42 | NOTE | |
r-devel-linux-x86_64-debian-gcc | 3.1.5 | 38.88 | 218.80 | 257.68 | OK | |
r-devel-linux-x86_64-fedora-clang | 3.1.5 | 640.32 | OK | |||
r-devel-linux-x86_64-fedora-gcc | 3.1.5 | 629.36 | OK | |||
r-devel-windows-x86_64 | 3.1.5 | 65.00 | 307.00 | 372.00 | OK | |
r-patched-linux-x86_64 | 3.1.5 | 65.03 | 317.01 | 382.04 | OK | |
r-release-linux-x86_64 | 3.1.5 | 67.26 | 319.18 | 386.44 | OK | |
r-release-macos-arm64 | 3.1.5 | 149.00 | OK | |||
r-release-macos-x86_64 | 3.1.5 | 362.00 | OK | |||
r-release-windows-x86_64 | 3.1.5 | 30.00 | 6.00 | 36.00 | ERROR | |
r-oldrel-macos-arm64 | 3.1.5 | 160.00 | NOTE | |||
r-oldrel-macos-x86_64 | 3.1.5 | 353.00 | NOTE | |||
r-oldrel-windows-x86_64 | 3.1.5 | 81.00 | 423.00 | 504.00 | OK |
Version: 3.1.5
Check: examples
Result: NOTE
Examples with CPU (user + system) or elapsed time > 5s
user system elapsed
hypervolume_segment 4.452 0.101 5.353
Flavor: r-devel-linux-x86_64-debian-clang
Version: 3.1.5
Check: whether package can be installed
Result: ERROR
Installation failed.
Flavor: r-release-windows-x86_64
Version: 3.1.5
Check: installed package size
Result: NOTE
installed size is 5.8Mb
sub-directories of 1Mb or more:
doc 2.8Mb
libs 1.8Mb
Flavors: r-oldrel-macos-arm64, r-oldrel-macos-x86_64