Last updated on 2023-05-30 20:58:49 CEST.
Flavor | Version | Tinstall | Tcheck | Ttotal | Status | Flags |
---|---|---|---|---|---|---|
r-devel-linux-x86_64-debian-clang | 1.6.5 | 48.18 | 194.76 | 242.94 | OK | |
r-devel-linux-x86_64-debian-gcc | 1.6.5 | 34.22 | 144.68 | 178.90 | OK | |
r-devel-linux-x86_64-fedora-clang | 1.6.5 | 306.47 | NOTE | |||
r-devel-linux-x86_64-fedora-gcc | 1.6.5 | 287.61 | OK | |||
r-devel-windows-x86_64 | 1.6.5 | 41.00 | 163.00 | 204.00 | OK | |
r-patched-linux-x86_64 | 1.6.5 | 44.09 | 184.43 | 228.52 | OK | |
r-release-linux-x86_64 | 1.6.5 | 42.07 | 178.79 | 220.86 | OK | |
r-release-macos-arm64 | 1.6.5 | 82.00 | OK | |||
r-release-macos-x86_64 | 1.6.5 | 134.00 | OK | |||
r-release-windows-x86_64 | 1.6.5 | 51.00 | 209.00 | 260.00 | OK | |
r-oldrel-macos-arm64 | 1.6.5 | 73.00 | OK | |||
r-oldrel-macos-x86_64 | 1.6.5 | 130.00 | OK | |||
r-oldrel-windows-x86_64 | 1.6.5 | 52.00 | 198.00 | 250.00 | OK |
Version: 1.6.5
Check: package dependencies
Result: NOTE
Imports includes 26 non-default packages.
Importing from so many packages makes the package vulnerable to any of
them becoming unavailable. Move as many as possible to Suggests and
use conditionally.
Flavor: r-devel-linux-x86_64-fedora-clang