Last updated on 2025-04-29 14:53:37 CEST.
Flavor | Version | Tinstall | Tcheck | Ttotal | Status | Flags |
---|---|---|---|---|---|---|
r-devel-linux-x86_64-debian-clang | 2.0.5 | 25.13 | 262.77 | 287.90 | NOTE | |
r-devel-linux-x86_64-debian-gcc | 2.0.5 | 18.26 | 187.59 | 205.85 | OK | |
r-devel-linux-x86_64-fedora-clang | 2.0.5 | 489.37 | OK | |||
r-devel-linux-x86_64-fedora-gcc | 2.0.5 | 462.61 | OK | |||
r-devel-windows-x86_64 | 2.0.5 | 31.00 | 257.00 | 288.00 | OK | |
r-patched-linux-x86_64 | 2.0.5 | 27.10 | 261.38 | 288.48 | OK | |
r-release-linux-x86_64 | 2.0.5 | 24.35 | 260.26 | 284.61 | OK | |
r-release-macos-arm64 | 2.0.5 | 142.00 | OK | |||
r-release-macos-x86_64 | 2.0.5 | 260.00 | OK | |||
r-release-windows-x86_64 | 2.0.5 | 29.00 | 257.00 | 286.00 | OK | |
r-oldrel-macos-arm64 | 2.0.5 | 155.00 | OK | |||
r-oldrel-macos-x86_64 | 2.0.5 | 202.00 | OK | |||
r-oldrel-windows-x86_64 | 2.0.5 | 34.00 | 357.00 | 391.00 | OK |
Version: 2.0.5
Check: examples
Result: NOTE
Examples with CPU (user + system) or elapsed time > 5s
user system elapsed
gm_fw 4.509 0.063 5.52
Flavor: r-devel-linux-x86_64-debian-clang