Last updated on 2025-04-29 22:50:04 CEST.
Flavor | Version | Tinstall | Tcheck | Ttotal | Status | Flags |
---|---|---|---|---|---|---|
r-devel-linux-x86_64-debian-clang | 1.0.1 | 8.46 | 213.09 | 221.55 | NOTE | |
r-devel-linux-x86_64-debian-gcc | 1.0.1 | 5.50 | 151.34 | 156.84 | OK | |
r-devel-linux-x86_64-fedora-clang | 1.0.1 | 346.75 | OK | |||
r-devel-linux-x86_64-fedora-gcc | 1.0.1 | 346.48 | OK | |||
r-devel-windows-x86_64 | 1.0.1 | 11.00 | 305.00 | 316.00 | OK | |
r-patched-linux-x86_64 | 1.0.1 | 8.73 | 204.85 | 213.58 | OK | |
r-release-linux-x86_64 | 1.0.1 | 6.17 | 205.12 | 211.29 | OK | |
r-release-macos-arm64 | 1.0.1 | 165.00 | OK | |||
r-release-macos-x86_64 | 1.0.1 | 201.00 | OK | |||
r-release-windows-x86_64 | 1.0.1 | 10.00 | 300.00 | 310.00 | OK | |
r-oldrel-macos-arm64 | 1.0.1 | 77.00 | OK | |||
r-oldrel-macos-x86_64 | 1.0.1 | 140.00 | OK | |||
r-oldrel-windows-x86_64 | 1.0.1 | 12.00 | 317.00 | 329.00 | OK |
Version: 1.0.1
Check: examples
Result: NOTE
Examples with CPU (user + system) or elapsed time > 5s
user system elapsed
ggEvenness 3.035 0.029 5.003
Flavor: r-devel-linux-x86_64-debian-clang