Last updated on 2025-04-30 00:49:48 CEST.
Flavor | Version | Tinstall | Tcheck | Ttotal | Status | Flags |
---|---|---|---|---|---|---|
r-devel-linux-x86_64-debian-clang | 1.0.2 | 13.71 | 258.73 | 272.44 | NOTE | |
r-devel-linux-x86_64-debian-gcc | 1.0.2 | 8.97 | 163.38 | 172.35 | NOTE | |
r-devel-linux-x86_64-fedora-clang | 1.0.2 | 408.59 | OK | |||
r-devel-linux-x86_64-fedora-gcc | 1.0.2 | 408.69 | OK | |||
r-devel-windows-x86_64 | 1.0.2 | 13.00 | 253.00 | 266.00 | OK | |
r-patched-linux-x86_64 | 1.0.2 | 12.84 | 244.71 | 257.55 | OK | |
r-release-linux-x86_64 | 1.0.2 | 11.61 | 243.14 | 254.75 | OK | |
r-release-macos-arm64 | 1.0.2 | 120.00 | OK | |||
r-release-macos-x86_64 | 1.0.2 | 406.00 | OK | |||
r-release-windows-x86_64 | 1.0.2 | 14.00 | 239.00 | 253.00 | OK | |
r-oldrel-macos-arm64 | 1.0.2 | 134.00 | OK | |||
r-oldrel-macos-x86_64 | 1.0.2 | 259.00 | OK | |||
r-oldrel-windows-x86_64 | 1.0.2 | 18.00 | 332.00 | 350.00 | OK |
Version: 1.0.2
Check: examples
Result: NOTE
Examples with CPU (user + system) or elapsed time > 5s
user system elapsed
iNEXTbeta3D 9.891 0.118 13.856
ggiNEXTbeta3D 4.329 0.088 6.088
Flavor: r-devel-linux-x86_64-debian-clang
Version: 1.0.2
Check: examples
Result: NOTE
Examples with CPU (user + system) or elapsed time > 5s
user system elapsed
iNEXTbeta3D 6.372 0.166 8.15
Flavor: r-devel-linux-x86_64-debian-gcc