Last updated on 2025-04-29 15:50:15 CEST.
Flavor | Version | Tinstall | Tcheck | Ttotal | Status | Flags |
---|---|---|---|---|---|---|
r-devel-linux-x86_64-debian-clang | 1.0.2 | 42.94 | 322.50 | 365.44 | OK | |
r-devel-linux-x86_64-debian-gcc | 1.0.2 | 26.05 | 209.58 | 235.63 | OK | |
r-devel-linux-x86_64-fedora-clang | 1.0.2 | 560.61 | NOTE | |||
r-devel-linux-x86_64-fedora-gcc | 1.0.2 | 532.20 | NOTE | |||
r-devel-windows-x86_64 | 1.0.2 | 37.00 | 241.00 | 278.00 | OK | |
r-patched-linux-x86_64 | 1.0.2 | 41.65 | 302.45 | 344.10 | OK | |
r-release-linux-x86_64 | 1.0.2 | 38.53 | 301.57 | 340.10 | OK | |
r-release-macos-arm64 | 1.0.2 | 125.00 | OK | |||
r-release-macos-x86_64 | 1.0.2 | 240.00 | OK | |||
r-release-windows-x86_64 | 1.0.2 | 36.00 | 246.00 | 282.00 | OK | |
r-oldrel-macos-arm64 | 1.0.2 | 120.00 | OK | |||
r-oldrel-macos-x86_64 | 1.0.2 | 192.00 | OK | |||
r-oldrel-windows-x86_64 | 1.0.2 | 51.00 | 342.00 | 393.00 | OK |
Version: 1.0.2
Check: dependencies in R code
Result: NOTE
Namespace in Imports field not imported from: ‘methods’
All declared Imports should be used.
Flavors: r-devel-linux-x86_64-fedora-clang, r-devel-linux-x86_64-fedora-gcc