CRAN Package Check Results for Package icesTAF

Last updated on 2024-06-13 11:48:14 CEST.

Flavor Version Tinstall Tcheck Ttotal Status Flags
r-devel-linux-x86_64-debian-clang 4.2.0 4.00 46.80 50.80 OK
r-devel-linux-x86_64-debian-gcc 4.2.0 0.30 1.53 1.83 ERROR
r-devel-linux-x86_64-fedora-clang 4.2.0 63.84 OK
r-devel-linux-x86_64-fedora-gcc 4.2.0 60.36 OK
r-devel-windows-x86_64 4.2.0 5.00 55.00 60.00 OK
r-patched-linux-x86_64 4.2.0 7.39 45.43 52.82 OK
r-release-linux-x86_64 4.2.0 4.62 44.45 49.07 OK
r-release-macos-arm64 4.2.0 23.00 OK
r-release-macos-x86_64 4.2.0 32.00 OK
r-release-windows-x86_64 4.2.0 5.00 56.00 61.00 OK
r-oldrel-macos-arm64 4.2.0 22.00 OK
r-oldrel-macos-x86_64 4.2.0 31.00 OK
r-oldrel-windows-x86_64 4.2.0 6.00 60.00 66.00 OK

Check Details

Version: 4.2.0
Check: package dependencies
Result: ERROR Packages required but not available: 'purrr', 'roxygen2' See section ‘The DESCRIPTION file’ in the ‘Writing R Extensions’ manual. Flavor: r-devel-linux-x86_64-debian-gcc