CRAN Package Check Results for Package icr

Last updated on 2023-06-03 08:59:10 CEST.

Flavor Version Tinstall Tcheck Ttotal Status Flags
r-devel-linux-x86_64-debian-clang 0.6.3 36.01 33.45 69.46 OK
r-devel-linux-x86_64-debian-gcc 0.6.3 22.96 26.21 49.17 OK
r-devel-linux-x86_64-fedora-clang 0.6.3 100.05 OK
r-devel-linux-x86_64-fedora-gcc 0.6.3 93.09 OK
r-devel-windows-x86_64 0.6.3 25.00 68.00 93.00 OK
r-patched-linux-x86_64 0.6.3 OK
r-release-linux-x86_64 0.6.3 24.06 32.22 56.28 OK
r-release-macos-arm64 0.6.3 38.00 OK
r-release-macos-x86_64 0.6.2 51.00 NOTE
r-release-windows-x86_64 0.6.3 25.00 77.00 102.00 OK
r-oldrel-macos-arm64 0.6.3 32.00 OK
r-oldrel-macos-x86_64 0.6.3 40.00 OK
r-oldrel-windows-x86_64 0.6.3 32.00 72.00 104.00 OK

Check Details

Version: 0.6.2
Check: C++ specification
Result: NOTE
     Specified C++11: please drop specification unless essential
Flavor: r-release-macos-x86_64