Last updated on 2024-07-27 16:49:09 CEST.
Flavor | Version | Tinstall | Tcheck | Ttotal | Status | Flags |
---|---|---|---|---|---|---|
r-devel-linux-x86_64-debian-clang | 4.1.6 | 13.71 | 252.28 | 265.99 | OK | |
r-devel-linux-x86_64-debian-gcc | 4.1.6 | NOTE | ||||
r-devel-linux-x86_64-fedora-clang | 4.1.6 | 343.21 | OK | |||
r-devel-linux-x86_64-fedora-gcc | 4.1.6 | 327.50 | OK | |||
r-devel-windows-x86_64 | 4.1.6 | 14.00 | 194.00 | 208.00 | NOTE | |
r-patched-linux-x86_64 | 4.1.6 | OK | ||||
r-release-linux-x86_64 | 4.1.6 | 10.64 | 240.51 | 251.15 | OK | |
r-release-macos-arm64 | 4.1.6 | 69.00 | OK | |||
r-release-macos-x86_64 | 4.1.6 | 131.00 | OK | |||
r-release-windows-x86_64 | 4.1.6 | 13.00 | 193.00 | 206.00 | OK | |
r-oldrel-macos-arm64 | 4.1.6 | 86.00 | OK | |||
r-oldrel-macos-x86_64 | 4.1.6 | 164.00 | OK | |||
r-oldrel-windows-x86_64 | 4.1.6 | 17.00 | 254.00 | 271.00 | OK |
Version: 4.1.6
Check: Rd cross-references
Result: NOTE
Found the following Rd file(s) with Rd \link{} targets missing package
anchors:
metrics_heatmap.Rd: pheatmap
plot_lasagna.Rd: scale_fill_gradient2
plot_lasagna_1subject.Rd: scale_fill_gradient2
Please provide package anchors for all Rd \link{} targets not in the
package itself and the base packages.
Flavors: r-devel-linux-x86_64-debian-gcc, r-devel-windows-x86_64