Last updated on 2025-02-05 07:50:15 CET.
Flavor | Version | Tinstall | Tcheck | Ttotal | Status | Flags |
---|---|---|---|---|---|---|
r-devel-linux-x86_64-debian-clang | 0.1 | 8.55 | 23.42 | 31.97 | NOTE | |
r-devel-linux-x86_64-debian-gcc | 0.1 | 6.52 | 18.54 | 25.06 | NOTE | |
r-devel-linux-x86_64-fedora-clang | 0.1 | 57.18 | NOTE | |||
r-devel-linux-x86_64-fedora-gcc | 0.1 | 53.08 | NOTE | |||
r-devel-windows-x86_64 | 0.1 | 12.00 | 66.00 | 78.00 | NOTE | |
r-patched-linux-x86_64 | 0.1 | 8.97 | 21.82 | 30.79 | NOTE | |
r-release-linux-x86_64 | 0.1 | 8.07 | 22.25 | 30.32 | NOTE | |
r-release-macos-arm64 | 0.1 | 20.00 | NOTE | |||
r-release-macos-x86_64 | 0.1 | 31.00 | NOTE | |||
r-release-windows-x86_64 | 0.1 | 13.00 | 66.00 | 79.00 | NOTE | |
r-oldrel-macos-arm64 | 0.1 | 22.00 | NOTE | |||
r-oldrel-macos-x86_64 | 0.1 | 32.00 | NOTE | |||
r-oldrel-windows-x86_64 | 0.1 | 14.00 | 71.00 | 85.00 | NOTE |
Version: 0.1
Check: C++ specification
Result: NOTE
Specified C++11: please drop specification unless essential
Flavors: r-devel-linux-x86_64-debian-clang, r-devel-linux-x86_64-debian-gcc, r-devel-linux-x86_64-fedora-clang, r-devel-linux-x86_64-fedora-gcc, r-devel-windows-x86_64, r-patched-linux-x86_64, r-release-linux-x86_64, r-release-macos-arm64, r-release-macos-x86_64, r-release-windows-x86_64, r-oldrel-macos-arm64, r-oldrel-macos-x86_64, r-oldrel-windows-x86_64