Last updated on 2024-05-02 09:51:44 CEST.
Flavor | Version | Tinstall | Tcheck | Ttotal | Status | Flags |
---|---|---|---|---|---|---|
r-devel-linux-x86_64-debian-clang | 0.1 | 8.91 | 88.41 | 97.32 | NOTE | |
r-devel-linux-x86_64-debian-gcc | 0.1 | 6.92 | 67.98 | 74.90 | NOTE | |
r-devel-linux-x86_64-fedora-clang | 0.1 | 122.16 | NOTE | |||
r-devel-linux-x86_64-fedora-gcc | 0.1 | 128.73 | NOTE | |||
r-devel-windows-x86_64 | 0.1 | 9.00 | 83.00 | 92.00 | NOTE | |
r-patched-linux-x86_64 | 0.1 | 9.22 | 84.60 | 93.82 | NOTE | |
r-release-linux-x86_64 | 0.1 | 9.08 | 86.02 | 95.10 | NOTE | |
r-release-macos-arm64 | 0.1 | 43.00 | NOTE | |||
r-release-windows-x86_64 | 0.1 | 9.00 | 82.00 | 91.00 | NOTE | |
r-oldrel-macos-arm64 | 0.1 | 45.00 | OK | |||
r-oldrel-macos-x86_64 | 0.1 | 74.00 | OK | |||
r-oldrel-windows-x86_64 | 0.1 | 11.00 | 95.00 | 106.00 | OK |
Version: 0.1
Check: Rd files
Result: NOTE
checkRd: (-1) make_likelihood_matrix.Rd:16: Lost braces; missing escapes or markup?
16 | This function creates a matrix such that P[t, s] = P(C = t | I = s) = theta_{t-s} for s <= t and 0 otherwise.
| ^
Flavors: r-devel-linux-x86_64-debian-clang, r-devel-linux-x86_64-debian-gcc, r-devel-linux-x86_64-fedora-clang, r-devel-linux-x86_64-fedora-gcc, r-devel-windows-x86_64, r-patched-linux-x86_64, r-release-linux-x86_64, r-release-macos-arm64, r-release-windows-x86_64