Last updated on 2025-02-04 15:49:12 CET.
Flavor | Version | Tinstall | Tcheck | Ttotal | Status | Flags |
---|---|---|---|---|---|---|
r-devel-linux-x86_64-debian-clang | 0.0.5 | 1.63 | 21.67 | 23.30 | OK | |
r-devel-linux-x86_64-debian-gcc | 0.0.5 | 1.38 | 17.37 | 18.75 | OK | |
r-devel-linux-x86_64-fedora-clang | 0.0.5 | 38.27 | NOTE | |||
r-devel-linux-x86_64-fedora-gcc | 0.0.5 | 35.33 | NOTE | |||
r-devel-windows-x86_64 | 0.0.5 | 4.00 | 46.00 | 50.00 | OK | |
r-patched-linux-x86_64 | 0.0.5 | 1.66 | 20.42 | 22.08 | OK | |
r-release-linux-x86_64 | 0.0.5 | 1.63 | 20.75 | 22.38 | OK | |
r-release-macos-arm64 | 0.0.5 | 19.00 | OK | |||
r-release-macos-x86_64 | 0.0.5 | 30.00 | OK | |||
r-release-windows-x86_64 | 0.0.5 | 4.00 | 44.00 | 48.00 | OK | |
r-oldrel-macos-arm64 | 0.0.5 | 21.00 | OK | |||
r-oldrel-macos-x86_64 | 0.0.5 | 31.00 | OK | |||
r-oldrel-windows-x86_64 | 0.0.5 | 4.00 | 46.00 | 50.00 | OK |
Version: 0.0.5
Check: dependencies in R code
Result: NOTE
Namespace in Imports field not imported from: ‘utils’
All declared Imports should be used.
Flavors: r-devel-linux-x86_64-fedora-clang, r-devel-linux-x86_64-fedora-gcc