CRAN Package Check Results for Package inlabru

Last updated on 2023-12-06 23:12:02 CET.

Flavor Version Tinstall Tcheck Ttotal Status Flags
r-devel-linux-x86_64-debian-clang 2.10.0 29.54 312.47 342.01 NOTE
r-devel-linux-x86_64-debian-gcc 2.10.0 20.42 231.03 251.45 NOTE
r-devel-linux-x86_64-fedora-clang 2.10.0 443.99 OK
r-devel-linux-x86_64-fedora-gcc 2.10.0 450.42 OK
r-devel-windows-x86_64 2.10.0 28.00 242.00 270.00 NOTE
r-patched-linux-x86_64 2.10.0 39.77 297.67 337.44 NOTE
r-release-linux-x86_64 2.10.0 26.76 293.80 320.56 NOTE
r-release-macos-arm64 2.10.0 129.00 NOTE
r-release-macos-x86_64 2.10.0 265.00 NOTE
r-release-windows-x86_64 2.10.0 35.00 304.00 339.00 NOTE
r-oldrel-macos-arm64 2.10.0 109.00 NOTE
r-oldrel-macos-x86_64 2.9.0 131.00 NOTE
r-oldrel-windows-x86_64 2.10.0 34.00 279.00 313.00 NOTE

Check Details

Version: 2.10.0
Check: package dependencies
Result: NOTE Package suggested but not available for checking: ‘INLA’ Flavors: r-devel-linux-x86_64-debian-clang, r-devel-linux-x86_64-debian-gcc, r-devel-windows-x86_64, r-patched-linux-x86_64, r-release-linux-x86_64, r-release-macos-arm64, r-release-macos-x86_64, r-release-windows-x86_64, r-oldrel-macos-arm64, r-oldrel-windows-x86_64

Version: 2.9.0
Check: package dependencies
Result: NOTE Package suggested but not available for checking: ‘INLA’ Flavor: r-oldrel-macos-x86_64