Last updated on 2025-04-29 09:52:08 CEST.
Flavor | Version | Tinstall | Tcheck | Ttotal | Status | Flags |
---|---|---|---|---|---|---|
r-devel-linux-x86_64-debian-clang | 0.1.2 | 3.06 | 38.94 | 42.00 | NOTE | |
r-devel-linux-x86_64-debian-gcc | 0.1.2 | 2.19 | 30.77 | 32.96 | NOTE | |
r-devel-linux-x86_64-fedora-clang | 0.1.2 | 64.34 | OK | |||
r-devel-linux-x86_64-fedora-gcc | 0.1.2 | 74.11 | OK | |||
r-devel-windows-x86_64 | 0.1.2 | 4.00 | 60.00 | 64.00 | OK | |
r-patched-linux-x86_64 | 0.1.2 | 2.75 | 36.42 | 39.17 | OK | |
r-release-linux-x86_64 | 0.1.2 | 3.10 | 36.48 | 39.58 | OK | |
r-release-macos-arm64 | 0.1.2 | 43.00 | OK | |||
r-release-macos-x86_64 | 0.1.2 | 61.00 | OK | |||
r-release-windows-x86_64 | 0.1.2 | 4.00 | 61.00 | 65.00 | OK | |
r-oldrel-macos-arm64 | 0.1.2 | 41.00 | OK | |||
r-oldrel-macos-x86_64 | 0.1.2 | 57.00 | OK | |||
r-oldrel-windows-x86_64 | 0.1.2 | 5.00 | 68.00 | 73.00 | OK |
Version: 0.1.2
Check: CRAN incoming feasibility
Result: NOTE
Maintainer: ‘Kasia Kulma <katarzyna.kulma@gmail.com>’
No Authors@R field in DESCRIPTION.
Please add one, modifying
Authors@R: person(given = "Kasia",
family = "Kulma",
role = c("aut", "cre"),
email = "katarzyna.kulma@gmail.com")
as necessary.
Flavors: r-devel-linux-x86_64-debian-clang, r-devel-linux-x86_64-debian-gcc