CRAN Package Check Results for Package interpretCI

Last updated on 2025-04-29 09:52:08 CEST.

Flavor Version Tinstall Tcheck Ttotal Status Flags
r-devel-linux-x86_64-debian-clang 0.1.1 11.33 182.53 193.86 OK
r-devel-linux-x86_64-debian-gcc 0.1.1 6.99 127.10 134.09 OK
r-devel-linux-x86_64-fedora-clang 0.1.1 277.08 NOTE
r-devel-linux-x86_64-fedora-gcc 0.1.1 288.09 NOTE
r-devel-windows-x86_64 0.1.1 12.00 181.00 193.00 OK
r-patched-linux-x86_64 0.1.1 9.62 168.54 178.16 OK
r-release-linux-x86_64 0.1.1 10.81 168.31 179.12 OK
r-release-macos-arm64 0.1.1 89.00 OK
r-release-macos-x86_64 0.1.1 172.00 OK
r-release-windows-x86_64 0.1.1 14.00 176.00 190.00 OK
r-oldrel-macos-arm64 0.1.1 90.00 OK
r-oldrel-macos-x86_64 0.1.1 133.00 OK
r-oldrel-windows-x86_64 0.1.1 15.00 234.00 249.00 OK

Check Details

Version: 0.1.1
Check: dependencies in R code
Result: NOTE Namespace in Imports field not imported from: ‘moonBook’ All declared Imports should be used. Flavors: r-devel-linux-x86_64-fedora-clang, r-devel-linux-x86_64-fedora-gcc