Last updated on 2024-04-28 08:54:51 CEST.
Flavor | Version | Tinstall | Tcheck | Ttotal | Status | Flags |
---|---|---|---|---|---|---|
r-devel-linux-x86_64-debian-clang | 0.0.1 | 6.01 | 316.98 | 322.99 | NOTE | |
r-devel-linux-x86_64-debian-gcc | 0.0.1 | 4.89 | 211.51 | 216.40 | NOTE | |
r-devel-linux-x86_64-fedora-clang | 0.0.1 | 384.38 | NOTE | |||
r-devel-linux-x86_64-fedora-gcc | 0.0.1 | 372.42 | NOTE | |||
r-devel-windows-x86_64 | 0.0.1 | 8.00 | 181.00 | 189.00 | NOTE | |
r-patched-linux-x86_64 | 0.0.1 | 4.40 | 287.11 | 291.51 | NOTE | |
r-release-linux-x86_64 | 0.0.1 | 5.91 | 279.34 | 285.25 | OK | |
r-release-macos-arm64 | 0.0.1 | 78.00 | NOTE | |||
r-release-windows-x86_64 | 0.0.1 | 9.00 | 186.00 | 195.00 | NOTE | |
r-oldrel-macos-arm64 | 0.0.1 | 89.00 | OK | |||
r-oldrel-macos-x86_64 | 0.0.1 | 159.00 | OK | |||
r-oldrel-windows-x86_64 | 0.0.1 | 9.00 | 269.00 | 278.00 | OK |
Version: 0.0.1
Check: Rd files
Result: NOTE
checkRd: (-1) decompose_volume.Rd:21: Lost braces in \itemize; \value handles \item{}{} directly
checkRd: (-1) decompose_volume.Rd:22: Lost braces in \itemize; \value handles \item{}{} directly
checkRd: (-1) decompose_volume.Rd:23: Lost braces in \itemize; \value handles \item{}{} directly
checkRd: (-1) decompose_volume.Rd:24: Lost braces in \itemize; \value handles \item{}{} directly
checkRd: (-1) fit_volume.Rd:44: Lost braces in \itemize; \value handles \item{}{} directly
checkRd: (-1) fit_volume.Rd:45: Lost braces in \itemize; \value handles \item{}{} directly
checkRd: (-1) fit_volume.Rd:46: Lost braces in \itemize; \value handles \item{}{} directly
checkRd: (-1) fit_volume.Rd:47: Lost braces in \itemize; \value handles \item{}{} directly
checkRd: (-1) forecast_volume.Rd:19: Lost braces in \itemize; \value handles \item{}{} directly
checkRd: (-1) forecast_volume.Rd:20: Lost braces in \itemize; \value handles \item{}{} directly
checkRd: (-1) forecast_volume.Rd:21: Lost braces in \itemize; \value handles \item{}{} directly
checkRd: (-1) forecast_volume.Rd:22: Lost braces in \itemize; \value handles \item{}{} directly
checkRd: (-1) generate_plots.Rd:15: Lost braces in \itemize; \value handles \item{}{} directly
checkRd: (-1) generate_plots.Rd:16: Lost braces in \itemize; \value handles \item{}{} directly
checkRd: (-1) generate_plots.Rd:17: Lost braces in \itemize; \value handles \item{}{} directly
Flavors: r-devel-linux-x86_64-debian-clang, r-devel-linux-x86_64-debian-gcc, r-devel-linux-x86_64-fedora-clang, r-devel-linux-x86_64-fedora-gcc, r-devel-windows-x86_64, r-patched-linux-x86_64, r-release-macos-arm64, r-release-windows-x86_64