Last updated on 2023-11-30 16:49:26 CET.
Flavor | Version | Tinstall | Tcheck | Ttotal | Status | Flags |
---|---|---|---|---|---|---|
r-devel-linux-x86_64-debian-clang | 1.0.1 | 155.62 | 76.11 | 231.73 | WARN | |
r-devel-linux-x86_64-debian-gcc | 1.0.1 | 111.21 | 56.81 | 168.02 | OK | |
r-devel-linux-x86_64-fedora-clang | 1.0.1 | 386.42 | WARN | |||
r-devel-linux-x86_64-fedora-gcc | 1.0.1 | 397.41 | OK | |||
r-devel-windows-x86_64 | 1.0.1 | 129.00 | 104.00 | 233.00 | OK | |
r-patched-linux-x86_64 | 1.0.1 | 147.83 | 70.84 | 218.67 | OK | |
r-release-linux-x86_64 | 1.0.1 | 141.30 | 71.45 | 212.75 | OK | |
r-release-macos-arm64 | 1.0.1 | 89.00 | WARN | |||
r-release-macos-x86_64 | 1.0.1 | 108.00 | WARN | |||
r-release-windows-x86_64 | 1.0.1 | 167.00 | 120.00 | 287.00 | OK | |
r-oldrel-macos-arm64 | 1.0.1 | 86.00 | NOTE | |||
r-oldrel-macos-x86_64 | 1.0.1 | 106.00 | NOTE | |||
r-oldrel-windows-x86_64 | 1.0.1 | 147.00 | 115.00 | 262.00 | OK |
Version: 1.0.1
Check: whether package can be installed
Result: WARN
Found the following significant warnings:
./warn.h:16:30: warning: format string is not a string literal (potentially insecure) [-Wformat-security]
See ‘/home/hornik/tmp/R.check/r-devel-clang/Work/PKGS/ipaddress.Rcheck/00install.out’ for details.
* used C++ compiler: ‘Debian clang version 17.0.5 (1)’
Flavor: r-devel-linux-x86_64-debian-clang
Version: 1.0.1
Check: whether package can be installed
Result: WARN
Found the following significant warnings:
./warn.h:16:30: warning: format string is not a string literal (potentially insecure) [-Wformat-security]
See ‘/data/gannet/ripley/R/packages/tests-clang/ipaddress.Rcheck/00install.out’ for details.
* used C++ compiler: ‘clang version 17.0.5’
Flavor: r-devel-linux-x86_64-fedora-clang
Version: 1.0.1
Check: whether package can be installed
Result: WARN
Found the following significant warnings:
/Volumes/Builds/packages/big-sur-arm64/Rlib/4.3/AsioHeaders/include/asio/associated_allocator.hpp:100:49: warning: 'allocator<void>' is deprecated [-Wdeprecated-declarations]
/Volumes/Builds/packages/big-sur-arm64/Rlib/4.3/AsioHeaders/include/asio/execution/any_executor.hpp:611:47: warning: 'allocator<void>' is deprecated [-Wdeprecated-declarations]
/Volumes/Builds/packages/big-sur-arm64/Rlib/4.3/AsioHeaders/include/asio/io_context.hpp:231:36: warning: 'allocator<void>' is deprecated [-Wdeprecated-declarations]
/Volumes/Builds/packages/big-sur-arm64/Rlib/4.3/AsioHeaders/include/asio/io_context.hpp:856:43: warning: 'allocator<void>' is deprecated [-Wdeprecated-declarations]
/Volumes/Builds/packages/big-sur-arm64/Rlib/4.3/AsioHeaders/include/asio/io_context.hpp:859:37: warning: 'allocator<void>' is deprecated [-Wdeprecated-declarations]
/Volumes/Builds/packages/big-sur-arm64/Rlib/4.3/AsioHeaders/include/asio/io_context.hpp:860:29: warning: 'allocator<void>' is deprecated [-Wdeprecated-declarations]
/Volumes/Builds/packages/big-sur-arm64/Rlib/4.3/AsioHeaders/include/asio/system_executor.hpp:171:54: warning: 'allocator<void>' is deprecated [-Wdeprecated-declarations]
/Volumes/Builds/packages/big-sur-arm64/Rlib/4.3/AsioHeaders/include/asio/system_executor.hpp:175:28: warning: 'allocator<void>' is deprecated [-Wdeprecated-declarations]
/Volumes/Builds/packages/big-sur-arm64/Rlib/4.3/AsioHeaders/include/asio/system_executor.hpp:444:45: warning: 'allocator<void>' is deprecated [-Wdeprecated-declarations]
/Volumes/Builds/packages/big-sur-arm64/Rlib/4.3/AsioHeaders/include/asio/system_context.hpp:39:12: warning: 'allocator<void>' is deprecated [-Wdeprecated-declarations]
/Volumes/Builds/packages/big-sur-arm64/Rlib/4.3/AsioHeaders/include/asio/detail/recycling_allocator.hpp:97:30: warning: 'allocator<void>' is deprecated [-Wdeprecated-declarations]
See ‘/Volumes/Builds/packages/big-sur-arm64/results/4.3/ipaddress.Rcheck/00install.out’ for details.
* used C++ compiler: ‘Apple clang version 13.0.0 (clang-1300.0.29.30)’
* used SDK: ‘MacOSX11.3.sdk’
Flavor: r-release-macos-arm64
Version: 1.0.1
Check: installed package size
Result: NOTE
installed size is 7.4Mb
sub-directories of 1Mb or more:
libs 7.0Mb
Flavors: r-release-macos-arm64, r-release-macos-x86_64, r-oldrel-macos-arm64, r-oldrel-macos-x86_64
Version: 1.0.1
Check: whether package can be installed
Result: WARN
Found the following significant warnings:
/Volumes/Builds/packages/big-sur-x86_64/Rlib/4.3/AsioHeaders/include/asio/associated_allocator.hpp:100:49: warning: 'allocator<void>' is deprecated [-Wdeprecated-declarations]
/Volumes/Builds/packages/big-sur-x86_64/Rlib/4.3/AsioHeaders/include/asio/execution/any_executor.hpp:611:47: warning: 'allocator<void>' is deprecated [-Wdeprecated-declarations]
/Volumes/Builds/packages/big-sur-x86_64/Rlib/4.3/AsioHeaders/include/asio/io_context.hpp:231:36: warning: 'allocator<void>' is deprecated [-Wdeprecated-declarations]
/Volumes/Builds/packages/big-sur-x86_64/Rlib/4.3/AsioHeaders/include/asio/io_context.hpp:856:43: warning: 'allocator<void>' is deprecated [-Wdeprecated-declarations]
/Volumes/Builds/packages/big-sur-x86_64/Rlib/4.3/AsioHeaders/include/asio/io_context.hpp:859:37: warning: 'allocator<void>' is deprecated [-Wdeprecated-declarations]
/Volumes/Builds/packages/big-sur-x86_64/Rlib/4.3/AsioHeaders/include/asio/io_context.hpp:860:29: warning: 'allocator<void>' is deprecated [-Wdeprecated-declarations]
/Volumes/Builds/packages/big-sur-x86_64/Rlib/4.3/AsioHeaders/include/asio/system_executor.hpp:171:54: warning: 'allocator<void>' is deprecated [-Wdeprecated-declarations]
/Volumes/Builds/packages/big-sur-x86_64/Rlib/4.3/AsioHeaders/include/asio/system_executor.hpp:175:28: warning: 'allocator<void>' is deprecated [-Wdeprecated-declarations]
/Volumes/Builds/packages/big-sur-x86_64/Rlib/4.3/AsioHeaders/include/asio/system_executor.hpp:444:45: warning: 'allocator<void>' is deprecated [-Wdeprecated-declarations]
/Volumes/Builds/packages/big-sur-x86_64/Rlib/4.3/AsioHeaders/include/asio/system_context.hpp:39:12: warning: 'allocator<void>' is deprecated [-Wdeprecated-declarations]
/Volumes/Builds/packages/big-sur-x86_64/Rlib/4.3/AsioHeaders/include/asio/detail/recycling_allocator.hpp:97:30: warning: 'allocator<void>' is deprecated [-Wdeprecated-declarations]
See ‘/Volumes/Builds/packages/big-sur-x86_64/results/4.3/ipaddress.Rcheck/00install.out’ for details.
* used C++ compiler: ‘Apple clang version 14.0.3 (clang-1403.0.22.14.1)’
* used SDK: ‘MacOSX11.3.sdk’
Flavor: r-release-macos-x86_64