Last updated on 2025-04-29 15:50:16 CEST.
Flavor | Version | Tinstall | Tcheck | Ttotal | Status | Flags |
---|---|---|---|---|---|---|
r-devel-linux-x86_64-debian-clang | 1.0.0 | 2.46 | 51.63 | 54.09 | NOTE | |
r-devel-linux-x86_64-debian-gcc | 1.0.0 | 1.89 | 38.67 | 40.56 | OK | |
r-devel-linux-x86_64-fedora-clang | 1.0.0 | 82.65 | OK | |||
r-devel-linux-x86_64-fedora-gcc | 1.0.0 | 92.40 | OK | |||
r-devel-windows-x86_64 | 1.0.0 | 4.00 | 63.00 | 67.00 | OK | |
r-patched-linux-x86_64 | 1.0.0 | 2.28 | 47.94 | 50.22 | OK | |
r-release-linux-x86_64 | 1.0.0 | 2.42 | 47.70 | 50.12 | OK | |
r-release-macos-arm64 | 1.0.0 | 34.00 | OK | |||
r-release-macos-x86_64 | 1.0.0 | 72.00 | OK | |||
r-release-windows-x86_64 | 1.0.0 | 4.00 | 65.00 | 69.00 | OK | |
r-oldrel-macos-arm64 | 1.0.0 | 34.00 | OK | |||
r-oldrel-macos-x86_64 | 1.0.0 | 72.00 | OK | |||
r-oldrel-windows-x86_64 | 1.0.0 | 5.00 | 78.00 | 83.00 | OK |
Version: 1.0.0
Check: examples
Result: NOTE
Examples with CPU (user + system) or elapsed time > 5s
user system elapsed
ipg_multisample 3.099 0.084 5.03
Flavor: r-devel-linux-x86_64-debian-clang