Last updated on 2025-02-04 19:50:21 CET.
Flavor | Version | Tinstall | Tcheck | Ttotal | Status | Flags |
---|---|---|---|---|---|---|
r-devel-linux-x86_64-debian-clang | 0.1.0 | 1.98 | 20.34 | 22.32 | OK | |
r-devel-linux-x86_64-debian-gcc | 0.1.0 | 1.48 | 16.21 | 17.69 | OK | |
r-devel-linux-x86_64-fedora-clang | 0.1.0 | 37.68 | OK | |||
r-devel-linux-x86_64-fedora-gcc | 0.1.0 | 35.58 | OK | |||
r-devel-windows-x86_64 | 0.1.0 | 2.00 | 44.00 | 46.00 | OK | |
r-patched-linux-x86_64 | 0.1.0 | 2.11 | 19.43 | 21.54 | NOTE | |
r-release-linux-x86_64 | 0.1.0 | 1.48 | 19.32 | 20.80 | NOTE | |
r-release-macos-arm64 | 0.1.0 | 15.00 | NOTE | |||
r-release-macos-x86_64 | 0.1.0 | 22.00 | NOTE | |||
r-release-windows-x86_64 | 0.1.0 | 2.00 | 44.00 | 46.00 | NOTE | |
r-oldrel-macos-arm64 | 0.1.0 | 15.00 | NOTE | |||
r-oldrel-macos-x86_64 | 0.1.0 | 19.00 | NOTE | |||
r-oldrel-windows-x86_64 | 0.1.0 | 3.00 | 44.00 | 47.00 | NOTE |
Version: 0.1.0
Check: package dependencies
Result: NOTE
Package suggested but not available for checking: ‘gurobi’
Flavors: r-patched-linux-x86_64, r-release-linux-x86_64, r-release-macos-arm64, r-release-macos-x86_64, r-release-windows-x86_64, r-oldrel-macos-arm64, r-oldrel-macos-x86_64, r-oldrel-windows-x86_64