Last updated on 2024-04-20 05:03:14 CEST.
Flavor | Version | Tinstall | Tcheck | Ttotal | Status | Flags |
---|---|---|---|---|---|---|
r-devel-linux-x86_64-debian-clang | 2.4.11 | 101.16 | 173.89 | 275.05 | OK | |
r-devel-linux-x86_64-debian-gcc | 2.4.11 | OK | ||||
r-devel-linux-x86_64-fedora-clang | 2.4.11 | 362.40 | NOTE | |||
r-devel-linux-x86_64-fedora-gcc | 2.4.11 | 341.30 | NOTE | |||
r-prerel-macos-arm64 | 2.4.11 | 93.00 | NOTE | |||
r-prerel-windows-x86_64 | 2.4.11 | 87.00 | 138.00 | 225.00 | NOTE | |
r-patched-linux-x86_64 | 2.4.11 | 79.31 | 169.05 | 248.36 | OK | |
r-release-linux-x86_64 | 2.4.11 | 70.53 | 168.10 | 238.63 | OK | |
r-release-macos-arm64 | 2.4.11 | 76.00 | NOTE | |||
r-release-macos-x86_64 | 2.4.11 | 146.00 | NOTE | |||
r-release-windows-x86_64 | 2.4.11 | 111.00 | 176.00 | 287.00 | NOTE | |
r-oldrel-macos-arm64 | 2.4.11 | 84.00 | NOTE | |||
r-oldrel-windows-x86_64 | 2.4.11 | 110.00 | 175.00 | 285.00 | NOTE |
Version: 2.4.11
Check: package dependencies
Result: NOTE
Imports includes 23 non-default packages.
Importing from so many packages makes the package vulnerable to any of
them becoming unavailable. Move as many as possible to Suggests and
use conditionally.
Flavor: r-devel-linux-x86_64-fedora-clang
Version: 2.4.11
Check: installed package size
Result: NOTE
installed size is 10.6Mb
sub-directories of 1Mb or more:
R 3.9Mb
i18n 6.5Mb
Flavors: r-devel-linux-x86_64-fedora-clang, r-prerel-macos-arm64, r-prerel-windows-x86_64, r-release-macos-arm64, r-release-macos-x86_64, r-release-windows-x86_64, r-oldrel-macos-arm64, r-oldrel-windows-x86_64
Version: 2.4.11
Check: dependencies in R code
Result: NOTE
Namespaces in Imports field not imported from:
‘BayesFactor’ ‘GGally’ ‘GPArotation’ ‘MASS’ ‘PMCMR’ ‘R6’ ‘ROCR’
‘afex’ ‘car’ ‘dplyr’ ‘emmeans’ ‘ggrepel’ ‘ggridges’ ‘lavaan’
‘multcomp’ ‘mvnormtest’ ‘nnet’ ‘psych’ ‘vcd’ ‘vcdExtra’
All declared Imports should be used.
Flavors: r-devel-linux-x86_64-fedora-clang, r-devel-linux-x86_64-fedora-gcc