Last updated on 2024-07-27 16:49:10 CEST.
Flavor | Version | Tinstall | Tcheck | Ttotal | Status | Flags |
---|---|---|---|---|---|---|
r-devel-linux-x86_64-debian-clang | 1.5.6 | 44.77 | 274.41 | 319.18 | OK | |
r-devel-linux-x86_64-debian-gcc | 1.5.6 | OK | ||||
r-devel-linux-x86_64-fedora-clang | 1.5.6 | 392.02 | NOTE | |||
r-devel-linux-x86_64-fedora-gcc | 1.5.6 | 377.78 | OK | |||
r-devel-windows-x86_64 | 1.5.6 | 35.00 | 221.00 | 256.00 | OK | |
r-patched-linux-x86_64 | 1.5.6 | OK | ||||
r-release-linux-x86_64 | 1.5.6 | 37.27 | 258.37 | 295.64 | OK | |
r-release-macos-arm64 | 1.5.6 | 58.00 | OK | |||
r-release-macos-x86_64 | 1.5.6 | 119.00 | OK | |||
r-release-windows-x86_64 | 1.5.6 | 39.00 | 214.00 | 253.00 | OK | |
r-oldrel-macos-arm64 | 1.5.6 | 116.00 | OK | |||
r-oldrel-macos-x86_64 | 1.5.6 | 196.00 | OK | |||
r-oldrel-windows-x86_64 | 1.5.6 | 44.00 | 272.00 | 316.00 | OK |
Version: 1.5.6
Check: package dependencies
Result: NOTE
Imports includes 34 non-default packages.
Importing from so many packages makes the package vulnerable to any of
them becoming unavailable. Move as many as possible to Suggests and
use conditionally.
Flavor: r-devel-linux-x86_64-fedora-clang