Last updated on 2023-12-08 10:54:37 CET.
Flavor | Version | Tinstall | Tcheck | Ttotal | Status | Flags |
---|---|---|---|---|---|---|
r-devel-linux-x86_64-debian-clang | 0.9-32 | 57.92 | 185.78 | 243.70 | NOTE | |
r-devel-linux-x86_64-debian-gcc | 0.9-32 | 38.18 | 141.48 | 179.66 | NOTE | |
r-devel-linux-x86_64-fedora-clang | 0.9-32 | 323.28 | OK | |||
r-devel-linux-x86_64-fedora-gcc | 0.9-32 | 316.18 | OK | |||
r-devel-windows-x86_64 | 0.9-32 | 64.00 | 197.00 | 261.00 | OK | |
r-patched-linux-x86_64 | 0.9-32 | 58.56 | 185.59 | 244.15 | OK | |
r-release-linux-x86_64 | 0.9-32 | 52.08 | 182.55 | 234.63 | OK | |
r-release-macos-arm64 | 0.9-32 | 101.00 | OK | |||
r-release-macos-x86_64 | 0.9-32 | 168.00 | OK | |||
r-release-windows-x86_64 | 0.9-32 | 60.00 | 229.00 | 289.00 | OK | |
r-oldrel-macos-arm64 | 0.9-32 | 83.00 | OK | |||
r-oldrel-macos-x86_64 | 0.9-32 | 128.00 | OK | |||
r-oldrel-windows-x86_64 | 0.9-32 | 238.00 | 266.00 | 504.00 | OK |
Version: 0.9-32
Check: Rd files
Result: NOTE
checkRd: (-1) ipop-class.Rd:28: Lost braces
28 | \item{primal}{Object of class \code{ipop}}{Return the primal of the problem}
| ^
checkRd: (-1) ipop-class.Rd:29: Lost braces
29 | \item{dual}{Object of class \code{ipop}}{Return the dual of the problem}
| ^
checkRd: (-1) ipop-class.Rd:30: Lost braces
30 | \item{how}{Object of class \code{ipop}}{Return information on convergence}
| ^
Flavors: r-devel-linux-x86_64-debian-clang, r-devel-linux-x86_64-debian-gcc