CRAN Package Check Results for Package keyATM

Last updated on 2023-11-30 01:53:33 CET.

Flavor Version Tinstall Tcheck Ttotal Status Flags
r-devel-linux-x86_64-debian-clang 0.5.0 237.53 232.16 469.69 NOTE
r-devel-linux-x86_64-debian-gcc 0.5.0 155.30 161.88 317.18 NOTE
r-devel-linux-x86_64-fedora-clang 0.5.0 671.37 NOTE
r-devel-linux-x86_64-fedora-gcc 0.5.0 667.27 NOTE
r-devel-windows-x86_64 0.5.0 184.00 194.00 378.00 NOTE
r-patched-linux-x86_64 0.5.0 156.63 220.05 376.68 OK
r-release-linux-x86_64 0.5.0 146.30 219.08 365.38 OK
r-release-macos-arm64 0.5.0 132.00 NOTE
r-release-macos-x86_64 0.5.0 208.00 NOTE
r-release-windows-x86_64 0.5.0 243.00 231.00 474.00 OK
r-oldrel-macos-arm64 0.5.0 142.00 NOTE
r-oldrel-macos-x86_64 0.5.0 170.00 NOTE
r-oldrel-windows-x86_64 0.5.0 237.00 226.00 463.00 OK

Check Details

Version: 0.5.0
Check: Rd \usage sections
Result: NOTE Documented arguments not in \usage in Rd file 'calc_PGtheta_R.Rd': ‘model’ ‘iter’ Documented arguments not in \usage in Rd file 'make_wsz_cpp.Rd': ‘info’ ‘initialized’ Documented arguments not in \usage in Rd file 'read_dfm_cpp.Rd': ‘W_raw’ Functions with \usage entries need to have the appropriate \alias entries, and all their arguments documented. The \usage entries must correspond to syntactically valid R code. See chapter ‘Writing R documentation files’ in the ‘Writing R Extensions’ manual. Flavors: r-devel-linux-x86_64-debian-clang, r-devel-linux-x86_64-debian-gcc, r-devel-linux-x86_64-fedora-clang, r-devel-linux-x86_64-fedora-gcc, r-devel-windows-x86_64

Version: 0.5.0
Check: installed package size
Result: NOTE installed size is 11.4Mb sub-directories of 1Mb or more: libs 11.0Mb Flavors: r-release-macos-arm64, r-release-macos-x86_64, r-oldrel-macos-arm64, r-oldrel-macos-x86_64