CRAN Package Check Results for Package kfino

Last updated on 2024-06-20 02:57:20 CEST.

Flavor Version Tinstall Tcheck Ttotal Status Flags
r-devel-linux-x86_64-debian-clang 1.0.0 8.06 268.83 276.89 NOTE
r-devel-linux-x86_64-debian-gcc 1.0.0 6.14 197.74 203.88 NOTE
r-devel-linux-x86_64-fedora-clang 1.0.0 337.30 NOTE
r-devel-linux-x86_64-fedora-gcc 1.0.0 343.82 NOTE
r-devel-windows-x86_64 1.0.0 9.00 235.00 244.00 NOTE
r-patched-linux-x86_64 1.0.0 7.29 256.97 264.26 NOTE
r-release-linux-x86_64 1.0.0 7.97 264.40 272.37 NOTE
r-release-macos-arm64 1.0.0 77.00 NOTE
r-release-macos-x86_64 1.0.0 119.00 NOTE
r-release-windows-x86_64 1.0.0 9.00 236.00 245.00 NOTE
r-oldrel-macos-arm64 1.0.0 86.00 OK
r-oldrel-macos-x86_64 1.0.0 144.00 OK
r-oldrel-windows-x86_64 1.0.0 10.00 237.00 247.00 OK

Check Details

Version: 1.0.0
Check: Rd files
Result: NOTE checkRd: (-1) kfino_plot.Rd:52: Lost braces; missing escapes or markup? 52 | plus the OK values. Prediction corresponds to E[X_{t} | Y_{1...t}] | ^ checkRd: (-1) kfino_plot.Rd:52: Lost braces; missing escapes or markup? 52 | plus the OK values. Prediction corresponds to E[X_{t} | Y_{1...t}] | ^ Flavors: r-devel-linux-x86_64-debian-clang, r-devel-linux-x86_64-debian-gcc, r-devel-linux-x86_64-fedora-clang, r-devel-linux-x86_64-fedora-gcc, r-devel-windows-x86_64, r-patched-linux-x86_64, r-release-linux-x86_64, r-release-macos-arm64, r-release-macos-x86_64, r-release-windows-x86_64